Last updated on 2022-08-17 12:55:11 CEST.
Flavor | Version | Tinstall | Tcheck | Ttotal | Status | Flags |
---|---|---|---|---|---|---|
r-devel-linux-x86_64-debian-clang | 0.4.2 | 7.60 | 154.29 | 161.89 | OK | |
r-devel-linux-x86_64-debian-gcc | 0.4.2 | OK | ||||
r-devel-linux-x86_64-fedora-clang | 0.4.2 | 198.15 | NOTE | |||
r-devel-linux-x86_64-fedora-gcc | 0.4.2 | 187.40 | NOTE | |||
r-devel-windows-x86_64 | 0.4.2 | 68.00 | 233.00 | 301.00 | OK | |
r-patched-linux-x86_64 | 0.4.2 | 8.45 | 144.82 | 153.27 | OK | |
r-release-linux-x86_64 | 0.4.2 | 6.45 | 144.16 | 150.61 | OK | |
r-release-macos-arm64 | 0.4.2 | 146.00 | NOTE | |||
r-release-macos-x86_64 | 0.4.2 | 167.00 | NOTE | |||
r-release-windows-x86_64 | 0.4.2 | 56.00 | 256.00 | 312.00 | OK | |
r-oldrel-macos-arm64 | 0.4.2 | 155.00 | NOTE | |||
r-oldrel-macos-x86_64 | 0.4.2 | 150.00 | NOTE | |||
r-oldrel-windows-ix86+x86_64 | 0.4.2 | 18.00 | 251.00 | 269.00 | OK |
Version: 0.4.2
Check: data for non-ASCII characters
Result: NOTE
Note: found 20 marked UTF-8 strings
Flavors: r-devel-linux-x86_64-fedora-clang, r-devel-linux-x86_64-fedora-gcc, r-release-macos-arm64, r-release-macos-x86_64, r-oldrel-macos-arm64, r-oldrel-macos-x86_64