CRAN Package Check Results for Package covid19brazil

Last updated on 2023-01-31 19:07:18 CET.

Flavor Version Tinstall Tcheck Ttotal Status Flags
r-devel-linux-x86_64-debian-clang 0.1.0 72.22 64.48 136.70 OK
r-devel-linux-x86_64-debian-gcc 0.1.0 64.76 51.63 116.39 OK
r-devel-linux-x86_64-fedora-clang 0.1.0 194.52 NOTE
r-devel-linux-x86_64-fedora-gcc 0.1.0 193.63 NOTE
r-devel-windows-x86_64 0.1.0 84.00 98.00 182.00 OK
r-patched-linux-x86_64 0.1.0 61.01 63.75 124.76 OK
r-release-linux-x86_64 0.1.0 63.87 63.15 127.02 OK
r-release-macos-arm64 0.1.0 84.00 NOTE
r-release-macos-x86_64 0.1.0 84.00 NOTE
r-release-windows-x86_64 0.1.0 80.00 97.00 177.00 OK
r-oldrel-macos-arm64 0.1.0 79.00 NOTE
r-oldrel-macos-x86_64 0.1.0 84.00 NOTE
r-oldrel-windows-ix86+x86_64 0.1.0 109.00 101.00 210.00 OK

Check Details

Version: 0.1.0
Check: data for non-ASCII characters
Result: NOTE
     Note: found 1934235 marked UTF-8 strings
Flavors: r-devel-linux-x86_64-fedora-clang, r-devel-linux-x86_64-fedora-gcc, r-release-macos-arm64, r-release-macos-x86_64, r-oldrel-macos-arm64, r-oldrel-macos-x86_64

Version: 0.1.0
Check: installed package size
Result: NOTE
     installed size is 5.2Mb
     sub-directories of 1Mb or more:
     data 5.1Mb
Flavors: r-release-macos-arm64, r-oldrel-macos-arm64