CRAN Package Check Results for Package covBM

Last updated on 2020-05-25 01:48:49 CEST.

Flavor Version Tinstall Tcheck Ttotal Status Flags
r-devel-linux-x86_64-debian-clang 0.1.0 3.51 51.60 55.11 OK
r-devel-linux-x86_64-debian-gcc 0.1.0 2.19 40.42 42.61 OK
r-devel-linux-x86_64-fedora-clang 0.1.0 69.49 NOTE
r-devel-linux-x86_64-fedora-gcc 0.1.0 68.17 NOTE
r-devel-windows-ix86+x86_64 0.1.0 19.00 88.00 107.00 OK
r-patched-linux-x86_64 0.1.0 3.53 52.80 56.33 OK
r-patched-solaris-x86 0.1.0 89.20 OK
r-release-linux-x86_64 0.1.0 3.52 52.58 56.10 OK
r-release-osx-x86_64 0.1.0 OK
r-release-windows-ix86+x86_64 0.1.0 10.00 108.00 118.00 OK
r-oldrel-osx-x86_64 0.1.0 OK
r-oldrel-windows-ix86+x86_64 0.1.0 9.00 84.00 93.00 OK

Check Details

Version: 0.1.0
Check: compiled code
Result: NOTE
    File ‘covBM/libs/covBM.so’:
     Found no calls to: ‘R_registerRoutines’, ‘R_useDynamicSymbols’
    
    It is good practice to register native routines and to disable symbol
    search.
    
    See ‘Writing portable packages’ in the ‘Writing R Extensions’ manual.
Flavors: r-devel-linux-x86_64-fedora-clang, r-devel-linux-x86_64-fedora-gcc