CRAN Package Check Results for Package countcolors

Last updated on 2024-05-23 00:59:04 CEST.

Flavor Version Tinstall Tcheck Ttotal Status Flags
r-devel-linux-x86_64-debian-clang 0.9.1 2.59 122.17 124.76 NOTE
r-devel-linux-x86_64-debian-gcc 0.9.1 2.20 83.77 85.97 NOTE
r-devel-linux-x86_64-fedora-clang 0.9.1 156.22 NOTE
r-devel-linux-x86_64-fedora-gcc 0.9.1 155.91 NOTE
r-devel-windows-x86_64 0.9.1 4.00 102.00 106.00 NOTE
r-patched-linux-x86_64 0.9.1 2.63 111.71 114.34 NOTE
r-release-linux-x86_64 0.9.1 3.36 114.20 117.56 NOTE
r-release-macos-arm64 0.9.1 49.00 NOTE
r-release-windows-x86_64 0.9.1 5.00 106.00 111.00 NOTE
r-oldrel-macos-arm64 0.9.1 50.00 NOTE
r-oldrel-macos-x86_64 0.9.1 70.00 NOTE
r-oldrel-windows-x86_64 0.9.1 4.00 118.00 122.00 NOTE

Check Details

Version: 0.9.1
Check: LazyData
Result: NOTE 'LazyData' is specified without a 'data' directory Flavors: r-devel-linux-x86_64-debian-clang, r-devel-linux-x86_64-debian-gcc, r-devel-linux-x86_64-fedora-clang, r-devel-linux-x86_64-fedora-gcc, r-devel-windows-x86_64, r-patched-linux-x86_64, r-release-linux-x86_64, r-release-macos-arm64, r-release-windows-x86_64, r-oldrel-macos-arm64, r-oldrel-macos-x86_64, r-oldrel-windows-x86_64

Version: 0.9.1
Check: dependencies in R code
Result: NOTE Namespace in Imports field not imported from: ‘jpeg’ All declared Imports should be used. Flavors: r-devel-linux-x86_64-fedora-clang, r-devel-linux-x86_64-fedora-gcc