CRAN Package Check Results for Package countcolors

Last updated on 2020-10-28 19:47:43 CET.

Flavor Version Tinstall Tcheck Ttotal Status Flags
r-devel-linux-x86_64-debian-clang 0.9.1 2.94 107.37 110.31 OK
r-devel-linux-x86_64-debian-gcc 0.9.1 1.76 75.27 77.03 OK
r-devel-linux-x86_64-fedora-clang 0.9.1 130.64 NOTE
r-devel-linux-x86_64-fedora-gcc 0.9.1 121.01 NOTE
r-devel-windows-ix86+x86_64 0.9.1 8.00 235.00 243.00 OK
r-patched-linux-x86_64 0.9.1 OK
r-patched-solaris-x86 0.9.1 180.40 NOTE
r-release-linux-x86_64 0.9.1 2.60 98.69 101.29 OK
r-release-macos-x86_64 0.9.1 NOTE
r-release-windows-ix86+x86_64 0.9.1 5.00 91.00 96.00 OK
r-oldrel-macos-x86_64 0.9.1 NOTE
r-oldrel-windows-ix86+x86_64 0.9.1 5.00 114.00 119.00 OK

Check Details

Version: 0.9.1
Check: dependencies in R code
Result: NOTE
    Namespace in Imports field not imported from: ‘jpeg’
     All declared Imports should be used.
Flavors: r-devel-linux-x86_64-fedora-clang, r-devel-linux-x86_64-fedora-gcc, r-patched-solaris-x86, r-release-macos-x86_64, r-oldrel-macos-x86_64