CRAN Package Check Results for Package cotram

Last updated on 2020-05-30 13:51:22 CEST.

Flavor Version Tinstall Tcheck Ttotal Status Flags
r-devel-linux-x86_64-debian-clang 0.2-0 7.67 129.73 137.40 OK
r-devel-linux-x86_64-debian-gcc 0.2-0 6.55 68.31 74.86 WARN
r-devel-linux-x86_64-fedora-clang 0.2-0 173.81 OK
r-devel-linux-x86_64-fedora-gcc 0.2-0 170.45 OK
r-devel-windows-ix86+x86_64 0.2-0 24.00 222.00 246.00 OK
r-patched-linux-x86_64 0.2-0 6.59 126.95 133.54 OK
r-patched-solaris-x86 0.2-0 285.10 OK
r-release-linux-x86_64 0.2-0 7.73 88.09 95.82 WARN
r-release-osx-x86_64 0.2-0 OK
r-release-windows-ix86+x86_64 0.2-0 18.00 252.00 270.00 OK
r-oldrel-osx-x86_64 0.2-0 OK
r-oldrel-windows-ix86+x86_64 0.2-0 16.00 166.00 182.00 OK

Check Details

Version: 0.2-0
Check: re-building of vignette outputs
Result: WARN
    Error(s) in re-building vignettes:
     ...
    --- re-building ‘cotram.Rnw’ using knitr
    Loading required package: tram
    Loading required package: mlt
    Loading required package: basefun
    Loading required package: variables
    
    Attaching package: 'cotram'
    
    The following object is masked from 'package:mlt':
    
     confband
    
    trying URL ‘https://zenodo.org/record/17179/files/DVC.tgz’
    Warning in download.file("https://zenodo.org/record/17179/files/DVC.tgz", :
     cannot open URL 'https://zenodo.org/record/17179/files/DVC.tgz': HTTP status was '500 Internal Server Error'
    Quitting from lines 119-154 (cotram.Rnw)
    Error: processing vignette 'cotram.Rnw' failed with diagnostics:
    cannot open URL ‘https://zenodo.org/record/17179/files/DVC.tgz’
    --- failed re-building ‘cotram.Rnw’
    
    SUMMARY: processing the following file failed:
     ‘cotram.Rnw’
    
    Error: Vignette re-building failed.
    Execution halted
Flavors: r-devel-linux-x86_64-debian-gcc, r-release-linux-x86_64