CRAN Package Check Results for Package cosmicsig

Last updated on 2022-11-27 06:52:53 CET.

Flavor Version Tinstall Tcheck Ttotal Status Flags
r-devel-linux-x86_64-debian-clang 1.0.7 2.35 25.42 27.77 OK
r-devel-linux-x86_64-debian-gcc 1.0.7 2.29 20.20 22.49 OK
r-devel-linux-x86_64-fedora-clang 1.0.7 48.78 OK
r-devel-linux-x86_64-fedora-gcc 1.0.7 47.39 OK
r-devel-windows-x86_64 1.0.7 21.00 60.00 81.00 OK
r-patched-linux-x86_64 1.0.7 2.64 24.23 26.87 OK
r-release-linux-x86_64 1.0.7 2.52 24.23 26.75 OK
r-release-macos-arm64 1.0.7 21.00 NOTE
r-release-macos-x86_64 1.0.7 22.00 OK
r-release-windows-x86_64 1.0.7 23.00 57.00 80.00 OK
r-oldrel-macos-arm64 1.0.7 20.00 OK
r-oldrel-macos-x86_64 1.0.7 25.00 OK
r-oldrel-windows-ix86+x86_64 1.0.7 7.00 52.00 59.00 OK

Check Details

Version: 1.0.7
Check: package dependencies
Result: NOTE
    Package suggested but not available for checking: ‘ICAMS’
Flavor: r-release-macos-arm64

Version: 1.0.7
Check: Rd cross-references
Result: NOTE
    Package unavailable to check Rd xrefs: ‘ICAMS’
Flavor: r-release-macos-arm64