CRAN Package Check Results for Package corrplot

Last updated on 2020-07-14 13:51:02 CEST.

Flavor Version Tinstall Tcheck Ttotal Status Flags
r-devel-linux-x86_64-debian-clang 0.84 3.77 39.98 43.75 OK
r-devel-linux-x86_64-debian-gcc 0.84 2.94 30.46 33.40 OK
r-devel-linux-x86_64-fedora-clang 0.84 62.87 NOTE
r-devel-linux-x86_64-fedora-gcc 0.84 53.34 OK
r-devel-windows-ix86+x86_64 0.84 10.00 74.00 84.00 NOTE
r-patched-linux-x86_64 0.84 3.40 39.47 42.87 OK
r-patched-solaris-x86 0.84 78.60 NOTE
r-release-linux-x86_64 0.84 3.40 39.50 42.90 OK
r-release-macos-x86_64 0.84 ERROR
r-release-windows-ix86+x86_64 0.84 10.00 59.00 69.00 NOTE
r-oldrel-macos-x86_64 0.84 NOTE
r-oldrel-windows-ix86+x86_64 0.84 27.00 70.00 97.00 NOTE

Check Details

Version: 0.84
Check: installed package size
Result: NOTE
     installed size is 7.0Mb
     sub-directories of 1Mb or more:
     doc 6.9Mb
Flavors: r-devel-linux-x86_64-fedora-clang, r-devel-windows-ix86+x86_64, r-patched-solaris-x86, r-release-windows-ix86+x86_64, r-oldrel-macos-x86_64, r-oldrel-windows-ix86+x86_64

Version: 0.84
Check: whether package can be installed
Result: ERROR
    Installation failed.
Flavor: r-release-macos-x86_64