CRAN Package Check Results for Package corrcoverage

Last updated on 2022-10-07 21:51:02 CEST.

Flavor Version Tinstall Tcheck Ttotal Status Flags
r-devel-linux-x86_64-debian-clang 1.2.1 25.05 78.48 103.53 NOTE
r-devel-linux-x86_64-debian-gcc 1.2.1 20.01 63.93 83.94 NOTE
r-devel-linux-x86_64-fedora-clang 1.2.1 157.29 NOTE
r-devel-linux-x86_64-fedora-gcc 1.2.1 141.32 NOTE
r-patched-linux-x86_64 1.2.1 22.25 78.07 100.32 NOTE
r-release-linux-x86_64 1.2.1 21.59 76.85 98.44 NOTE
r-release-macos-arm64 1.2.1 46.00 NOTE
r-release-macos-x86_64 1.2.1 64.00 NOTE
r-oldrel-macos-arm64 1.2.1 56.00 NOTE
r-oldrel-macos-x86_64 1.2.1 97.00 NOTE

Additional issues

donttest

Check Details

Version: 1.2.1
Check: LazyData
Result: NOTE
     'LazyData' is specified without a 'data' directory
Flavors: r-devel-linux-x86_64-debian-clang, r-devel-linux-x86_64-debian-gcc, r-devel-linux-x86_64-fedora-clang, r-devel-linux-x86_64-fedora-gcc, r-patched-linux-x86_64, r-release-linux-x86_64, r-release-macos-arm64, r-release-macos-x86_64, r-oldrel-macos-arm64, r-oldrel-macos-x86_64

Version: 1.2.1
Check: dependencies in R code
Result: NOTE
    Namespace in Imports field not imported from: ‘data.table’
     All declared Imports should be used.
Flavors: r-devel-linux-x86_64-fedora-clang, r-devel-linux-x86_64-fedora-gcc, r-release-macos-arm64, r-release-macos-x86_64, r-oldrel-macos-arm64, r-oldrel-macos-x86_64

Version: 1.2.1
Check: installed package size
Result: NOTE
     installed size is 5.1Mb
     sub-directories of 1Mb or more:
     extdata 3.8Mb
Flavors: r-release-macos-arm64, r-release-macos-x86_64, r-oldrel-macos-arm64, r-oldrel-macos-x86_64