CRAN Package Check Results for Package corTest

Last updated on 2024-06-22 00:57:55 CEST.

Flavor Version Tinstall Tcheck Ttotal Status Flags
r-devel-linux-x86_64-debian-clang 1.0.7 10.30 114.15 124.45 OK
r-devel-linux-x86_64-debian-gcc 1.0.7 9.80 83.46 93.26 OK
r-devel-linux-x86_64-fedora-clang 1.0.7 154.38 NOTE
r-devel-linux-x86_64-fedora-gcc 1.0.7 158.05 NOTE
r-devel-windows-x86_64 1.0.7 11.00 93.00 104.00 OK
r-patched-linux-x86_64 1.0.7 10.99 106.91 117.90 OK
r-release-linux-x86_64 1.0.7 10.67 109.50 120.17 OK
r-release-macos-arm64 1.0.7 45.00 OK
r-release-macos-x86_64 1.0.7 72.00 OK
r-release-windows-x86_64 1.0.7 11.00 94.00 105.00 OK
r-oldrel-macos-arm64 1.0.7 52.00 OK
r-oldrel-macos-x86_64 1.0.7 65.00 OK
r-oldrel-windows-x86_64 1.0.7 14.00 118.00 132.00 OK

Check Details

Version: 1.0.7
Check: dependencies in R code
Result: NOTE Namespace in Imports field not imported from: ‘graphics’ All declared Imports should be used. Flavors: r-devel-linux-x86_64-fedora-clang, r-devel-linux-x86_64-fedora-gcc