CRAN Package Check Results for Package convertr

Last updated on 2022-08-09 12:53:23 CEST.

Flavor Version Tinstall Tcheck Ttotal Status Flags
r-devel-linux-x86_64-debian-clang 0.1 2.47 24.75 27.22 NOTE
r-devel-linux-x86_64-debian-gcc 0.1 1.51 19.49 21.00 NOTE
r-devel-linux-x86_64-fedora-clang 0.1 42.61 NOTE
r-devel-linux-x86_64-fedora-gcc 0.1 41.95 NOTE
r-devel-windows-x86_64 0.1 10.00 51.00 61.00 NOTE
r-patched-linux-x86_64 0.1 2.54 23.67 26.21 NOTE
r-release-linux-x86_64 0.1 NOTE
r-release-macos-arm64 0.1 23.00 NOTE
r-release-macos-x86_64 0.1 29.00 NOTE
r-release-windows-x86_64 0.1 8.00 49.00 57.00 NOTE
r-oldrel-macos-arm64 0.1 20.00 NOTE
r-oldrel-macos-x86_64 0.1 26.00 NOTE
r-oldrel-windows-ix86+x86_64 0.1 6.00 43.00 49.00 NOTE

Check Details

Version: 0.1
Check: LazyData
Result: NOTE
     'LazyData' is specified without a 'data' directory
Flavors: r-devel-linux-x86_64-debian-clang, r-devel-linux-x86_64-debian-gcc, r-devel-linux-x86_64-fedora-clang, r-devel-linux-x86_64-fedora-gcc, r-devel-windows-x86_64, r-patched-linux-x86_64, r-release-linux-x86_64, r-release-macos-arm64, r-release-macos-x86_64, r-release-windows-x86_64, r-oldrel-macos-arm64, r-oldrel-macos-x86_64, r-oldrel-windows-ix86+x86_64