CRAN Package Check Results for Package contoureR

Last updated on 2022-08-12 06:49:17 CEST.

Flavor Version Tinstall Tcheck Ttotal Status Flags
r-devel-linux-x86_64-debian-clang 1.0.5 36.76 35.49 72.25 OK
r-devel-linux-x86_64-debian-gcc 1.0.5 27.35 27.56 54.91 OK
r-devel-linux-x86_64-fedora-clang 1.0.5 114.35 NOTE
r-devel-linux-x86_64-fedora-gcc 1.0.5 100.33 NOTE
r-devel-windows-x86_64 1.0.5 39.00 81.00 120.00 OK
r-patched-linux-x86_64 1.0.5 32.35 34.33 66.68 OK
r-release-linux-x86_64 1.0.5 25.75 34.00 59.75 OK
r-release-macos-arm64 1.0.5 32.00 OK
r-release-macos-x86_64 1.0.5 40.00 OK
r-release-windows-x86_64 1.0.5 34.00 88.00 122.00 OK
r-oldrel-macos-arm64 1.0.5 33.00 OK
r-oldrel-macos-x86_64 1.0.5 57.00 OK
r-oldrel-windows-ix86+x86_64 1.0.5 89.00 87.00 176.00 OK

Check Details

Version: 1.0.5
Check: compiled code
Result: NOTE
    File ‘contoureR/libs/contoureR.so’:
     Found no calls to: ‘R_registerRoutines’, ‘R_useDynamicSymbols’
    
    It is good practice to register native routines and to disable symbol
    search.
    
    See ‘Writing portable packages’ in the ‘Writing R Extensions’ manual.
Flavors: r-devel-linux-x86_64-fedora-clang, r-devel-linux-x86_64-fedora-gcc