CRAN Package Check Results for Package container

Last updated on 2022-08-11 00:50:51 CEST.

Flavor Version Tinstall Tcheck Ttotal Status Flags
r-devel-linux-x86_64-debian-clang 1.0.2 10.08 102.87 112.95 NOTE
r-devel-linux-x86_64-debian-gcc 1.0.2 8.16 85.75 93.91 NOTE
r-devel-linux-x86_64-fedora-clang 1.0.2 140.76 OK
r-devel-linux-x86_64-fedora-gcc 1.0.2 138.23 OK
r-devel-windows-x86_64 1.0.2 163.00 242.00 405.00 OK
r-patched-linux-x86_64 1.0.2 11.87 94.10 105.97 OK
r-release-linux-x86_64 1.0.2 OK
r-release-macos-arm64 1.0.2 58.00 OK
r-release-macos-x86_64 1.0.2 83.00 OK
r-release-windows-x86_64 1.0.2 245.00 159.00 404.00 OK
r-oldrel-macos-arm64 1.0.2 46.00 OK
r-oldrel-macos-x86_64 1.0.2 121.00 OK
r-oldrel-windows-ix86+x86_64 1.0.2 19.00 128.00 147.00 OK

Check Details

Version: 1.0.2
Check: HTML version of manual
Result: NOTE
    Found the following HTML validation problems:
    Container.html:146:6: Warning: missing </span> before <p>
    Container.html:146:90: Warning: inserting implicit <span>
    Container.html:146:6: Warning: trimming empty <span>
    Deque.html:78:6: Warning: missing </span> before <p>
    Deque.html:78:90: Warning: inserting implicit <span>
    Deque.html:81:6: Warning: missing </span> before <p>
    Deque.html:81:90: Warning: inserting implicit <span>
    Deque.html:84:6: Warning: missing </span> before <p>
    Deque.html:84:89: Warning: inserting implicit <span>
    Deque.html:87:6: Warning: missing </span> before <p>
    Deque.html:87:90: Warning: inserting implicit <span>
    Deque.html:90:6: Warning: missing </span> before <p>
    Deque.html:90:92: Warning: inserting implicit <span>
    Deque.html:93:6: Warning: missing </span> before <p>
    Deque.html:93:92: Warning: inserting implicit <span>
    Deque.html:96:6: Warning: missing </span> before <p>
    Deque.html:96:93: Warning: inserting implicit <span>
    Deque.html:99:6: Warning: missing </span> before <p>
    Deque.html:99:96: Warning: inserting implicit <span>
    Deque.html:102:6: Warning: missing </span> before <p>
    Deque.html:102:94: Warning: inserting implicit <span>
    Deque.html:105:6: Warning: missing </span> before <p>
    Deque.html:105:97: Warning: inserting implicit <span>
    Deque.html:108:6: Warning: missing </span> before <p>
    Deque.html:108:92: Warning: inserting implicit <span>
    Deque.html:111:6: Warning: missing </span> before <p>
    Deque.html:111:102: Warning: inserting implicit <span>
    Deque.html:114:6: Warning: missing </span> before <p>
    Deque.html:114:90: Warning: inserting implicit <span>
    Deque.html:117:6: Warning: missing </span> before <p>
    Deque.html:117:95: Warning: inserting implicit <span>
    Deque.html:120:6: Warning: missing </span> before <p>
    Deque.html:120:97: Warning: inserting implicit <span>
    Deque.html:123:6: Warning: missing </span> before <p>
    Deque.html:123:95: Warning: inserting implicit <span>
    Deque.html:126:6: Warning: missing </span> before <p>
    Deque.html:126:93: Warning: inserting implicit <span>
    Deque.html:129:6: Warning: missing </span> before <p>
    Deque.html:129:92: Warning: inserting implicit <span>
    Deque.html:132:6: Warning: missing </span> before <p>
    Deque.html:132:94: Warning: inserting implicit <span>
    Deque.html:135:6: Warning: missing </span> before <p>
    Deque.html:135:95: Warning: inserting implicit <span>
    Deque.html:138:6: Warning: missing </span> before <p>
    Deque.html:138:90: Warning: inserting implicit <span>
    Deque.html:141:6: Warning: missing </span> before <p>
    Deque.html:141:92: Warning: inserting implicit <span>
    Deque.html:144:6: Warning: missing </span> before <p>
    Deque.html:144:93: Warning: inserting implicit <span>
    Deque.html:147:6: Warning: missing </span> before <p>
    Deque.html:147:93: Warning: inserting implicit <span>
    Deque.html:150:6: Warning: missing </span> before <p>
    Deque.html:150:94: Warning: inserting implicit <span>
    Deque.html:153:6: Warning: missing </span> before <p>
    Deque.html:153:97: Warning: inserting implicit <span>
    Deque.html:156:6: Warning: missing </span> before <p>
    Deque.html:156:91: Warning: inserting implicit <span>
    Deque.html:159:6: Warning: missing </span> before <p>
    Deque.html:159:91: Warning: inserting implicit <span>
    Deque.html:162:6: Warning: missing </span> before <p>
    Deque.html:162:93: Warning: inserting implicit <span>
    Deque.html:165:6: Warning: missing </span> before <p>
    Deque.html:165:93: Warning: inserting implicit <span>
    Deque.html:78:6: Warning: trimming empty <span>
    Deque.html:81:6: Warning: trimming empty <span>
    Deque.html:84:6: Warning: trimming empty <span>
    Deque.html:87:6: Warning: trimming empty <span>
    Deque.html:90:6: Warning: trimming empty <span>
    Deque.html:93:6: Warning: trimming empty <span>
    Deque.html:96:6: Warning: trimming empty <span>
    Deque.html:99:6: Warning: trimming empty <span>
    Deque.html:102:6: Warning: trimming empty <span>
    Deque.html:105:6: Warning: trimming empty <span>
    Deque.html:108:6: Warning: trimming empty <span>
    Deque.html:111:6: Warning: trimming empty <span>
    Deque.html:114:6: Warning: trimming empty <span>
    Deque.html:117:6: Warning: trimming empty <span>
    Deque.html:120:6: Warning: trimming empty <span>
    Deque.html:123:6: Warning: trimming empty <span>
    Deque.html:126:6: Warning: trimming empty <span>
    Deque.html:129:6: Warning: trimming empty <span>
    Deque.html:132:6: Warning: trimming empty <span>
    Deque.html:135:6: Warning: trimming empty <span>
    Deque.html:138:6: Warning: trimming empty <span>
    Deque.html:141:6: Warning: trimming empty <span>
    Deque.html:144:6: Warning: trimming empty <span>
    Deque.html:147:6: Warning: trimming empty <span>
    Deque.html:150:6: Warning: trimming empty <span>
    Deque.html:153:6: Warning: trimming empty <span>
    Deque.html:156:6: Warning: trimming empty <span>
    Deque.html:159:6: Warning: trimming empty <span>
    Deque.html:162:6: Warning: trimming empty <span>
    Deque.html:165:6: Warning: trimming empty <span>
    Dict.html:94:6: Warning: missing </span> before <p>
    Dict.html:94:90: Warning: inserting implicit <span>
    Dict.html:97:6: Warning: missing </span> before <p>
    Dict.html:97:89: Warning: inserting implicit <span>
    Dict.html:100:6: Warning: missing </span> before <p>
    Dict.html:100:90: Warning: inserting implicit <span>
    Dict.html:103:6: Warning: missing </span> before <p>
    Dict.html:103:92: Warning: inserting implicit <span>
    Dict.html:106:6: Warning: missing </span> before <p>
    Dict.html:106:92: Warning: inserting implicit <span>
    Dict.html:109:6: Warning: missing </span> before <p>
    Dict.html:109:93: Warning: inserting implicit <span>
    Dict.html:112:6: Warning: missing </span> before <p>
    Dict.html:112:96: Warning: inserting implicit <span>
    Dict.html:115:6: Warning: missing </span> before <p>
    Dict.html:115:94: Warning: inserting implicit <span>
    Dict.html:118:6: Warning: missing </span> before <p>
    Dict.html:118:92: Warning: inserting implicit <span>
    Dict.html:121:6: Warning: missing </span> before <p>
    Dict.html:121:102: Warning: inserting implicit <span>
    Dict.html:124:6: Warning: missing </span> before <p>
    Dict.html:124:90: Warning: inserting implicit <span>
    Dict.html:127:6: Warning: missing </span> before <p>
    Dict.html:127:95: Warning: inserting implicit <span>
    Dict.html:130:6: Warning: missing </span> before <p>
    Dict.html:130:95: Warning: inserting implicit <span>
    Dict.html:133:6: Warning: missing </span> before <p>
    Dict.html:133:93: Warning: inserting implicit <span>
    Dict.html:136:6: Warning: missing </span> before <p>
    Dict.html:136:92: Warning: inserting implicit <span>
    Dict.html:139:6: Warning: missing </span> before <p>
    Dict.html:139:94: Warning: inserting implicit <span>
    Dict.html:142:6: Warning: missing </span> before <p>
    Dict.html:142:95: Warning: inserting implicit <span>
    Dict.html:145:6: Warning: missing </span> before <p>
    Dict.html:145:90: Warning: inserting implicit <span>
    Dict.html:148:6: Warning: missing </span> before <p>
    Dict.html:148:92: Warning: inserting implicit <span>
    Dict.html:151:6: Warning: missing </span> before <p>
    Dict.html:151:93: Warning: inserting implicit <span>
    Dict.html:154:6: Warning: missing </span> before <p>
    Dict.html:154:97: Warning: inserting implicit <span>
    Dict.html:157:6: Warning: missing </span> before <p>
    Dict.html:157:91: Warning: inserting implicit <span>
    Dict.html:160:6: Warning: missing </span> before <p>
    Dict.html:160:91: Warning: inserting implicit <span>
    Dict.html:94:6: Warning: trimming empty <span>
    Dict.html:97:6: Warning: trimming empty <span>
    Dict.html:100:6: Warning: trimming empty <span>
    Dict.html:103:6: Warning: trimming empty <span>
    Dict.html:106:6: Warning: trimming empty <span>
    Dict.html:109:6: Warning: trimming empty <span>
    Dict.html:112:6: Warning: trimming empty <span>
    Dict.html:115:6: Warning: trimming empty <span>
    Dict.html:118:6: Warning: trimming empty <span>
    Dict.html:121:6: Warning: trimming empty <span>
    Dict.html:124:6: Warning: trimming empty <span>
    Dict.html:127:6: Warning: trimming empty <span>
    Dict.html:130:6: Warning: trimming empty <span>
    Dict.html:133:6: Warning: trimming empty <span>
    Dict.html:136:6: Warning: trimming empty <span>
    Dict.html:139:6: Warning: trimming empty <span>
    Dict.html:142:6: Warning: trimming empty <span>
    Dict.html:145:6: Warning: trimming empty <span>
    Dict.html:148:6: Warning: trimming empty <span>
    Dict.html:151:6: Warning: trimming empty <span>
    Dict.html:154:6: Warning: trimming empty <span>
    Dict.html:157:6: Warning: trimming empty <span>
    Dict.html:160:6: Warning: trimming empty <span>
    OrderedSet.html:84:6: Warning: missing </span> before <p>
    OrderedSet.html:84:90: Warning: inserting implicit <span>
    OrderedSet.html:87:6: Warning: missing </span> before <p>
    OrderedSet.html:87:89: Warning: inserting implicit <span>
    OrderedSet.html:90:6: Warning: missing </span> before <p>
    OrderedSet.html:90:90: Warning: inserting implicit <span>
    OrderedSet.html:93:6: Warning: missing </span> before <p>
    OrderedSet.html:93:92: Warning: inserting implicit <span>
    OrderedSet.html:96:6: Warning: missing </span> before <p>
    OrderedSet.html:96:92: Warning: inserting implicit <span>
    OrderedSet.html:99:6: Warning: missing </span> before <p>
    OrderedSet.html:99:93: Warning: inserting implicit <span>
    OrderedSet.html:102:6: Warning: missing </span> before <p>
    OrderedSet.html:102:96: Warning: inserting implicit <span>
    OrderedSet.html:105:6: Warning: missing </span> before <p>
    OrderedSet.html:105:94: Warning: inserting implicit <span>
    OrderedSet.html:108:6: Warning: missing </span> before <p>
    OrderedSet.html:108:97: Warning: inserting implicit <span>
    OrderedSet.html:111:6: Warning: missing </span> before <p>
    OrderedSet.html:111:92: Warning: inserting implicit <span>
    OrderedSet.html:114:6: Warning: missing </span> before <p>
    OrderedSet.html:114:102: Warning: inserting implicit <span>
    OrderedSet.html:117:6: Warning: missing </span> before <p>
    OrderedSet.html:117:90: Warning: inserting implicit <span>
    OrderedSet.html:120:6: Warning: missing </span> before <p>
    OrderedSet.html:120:95: Warning: inserting implicit <span>
    OrderedSet.html:123:6: Warning: missing </span> before <p>
    OrderedSet.html:123:95: Warning: inserting implicit <span>
    OrderedSet.html:126:6: Warning: missing </span> before <p>
    OrderedSet.html:126:93: Warning: inserting implicit <span>
    OrderedSet.html:129:6: Warning: missing </span> before <p>
    OrderedSet.html:129:92: Warning: inserting implicit <span>
    OrderedSet.html:132:6: Warning: missing </span> before <p>
    OrderedSet.html:132:94: Warning: inserting implicit <span>
    OrderedSet.html:135:6: Warning: missing </span> before <p>
    OrderedSet.html:135:95: Warning: inserting implicit <span>
    OrderedSet.html:138:6: Warning: missing </span> before <p>
    OrderedSet.html:138:90: Warning: inserting implicit <span>
    OrderedSet.html:141:6: Warning: missing </span> before <p>
    OrderedSet.html:141:92: Warning: inserting implicit <span>
    OrderedSet.html:144:6: Warning: missing </span> before <p>
    OrderedSet.html:144:93: Warning: inserting implicit <span>
    OrderedSet.html:147:6: Warning: missing </span> before <p>
    OrderedSet.html:147:93: Warning: inserting implicit <span>
    OrderedSet.html:150:6: Warning: missing </span> before <p>
    OrderedSet.html:150:94: Warning: inserting implicit <span>
    OrderedSet.html:153:6: Warning: missing </span> before <p>
    OrderedSet.html:153:97: Warning: inserting implicit <span>
    OrderedSet.html:156:6: Warning: missing </span> before <p>
    OrderedSet.html:156:91: Warning: inserting implicit <span>
    OrderedSet.html:159:6: Warning: missing </span> before <p>
    OrderedSet.html:159:91: Warning: inserting implicit <span>
    OrderedSet.html:162:6: Warning: missing </span> before <p>
    OrderedSet.html:162:93: Warning: inserting implicit <span>
    OrderedSet.html:165:6: Warning: missing </span> before <p>
    OrderedSet.html:165:85: Warning: inserting implicit <span>
    OrderedSet.html:168:6: Warning: missing </span> before <p>
    OrderedSet.html:168:90: Warning: inserting implicit <span>
    OrderedSet.html:171:6: Warning: missing </span> before <p>
    OrderedSet.html:171:89: Warning: inserting implicit <span>
    OrderedSet.html:174:6: Warning: missing </span> before <p>
    OrderedSet.html:174:97: Warning: inserting implicit <span>
    OrderedSet.html:177:6: Warning: missing </span> before <p>
    OrderedSet.html:177:90: Warning: inserting implicit <span>
    OrderedSet.html:180:6: Warning: missing </span> before <p>
    OrderedSet.html:180:86: Warning: inserting implicit <span>
    OrderedSet.html:183:6: Warning: missing </span> before <p>
    OrderedSet.html:183:87: Warning: inserting implicit <span>
    OrderedSet.html:84:6: Warning: trimming empty <span>
    OrderedSet.html:87:6: Warning: trimming empty <span>
    OrderedSet.html:90:6: Warning: trimming empty <span>
    OrderedSet.html:93:6: Warning: trimming empty <span>
    OrderedSet.html:96:6: Warning: trimming empty <span>
    OrderedSet.html:99:6: Warning: trimming empty <span>
    OrderedSet.html:102:6: Warning: trimming empty <span>
    OrderedSet.html:105:6: Warning: trimming empty <span>
    OrderedSet.html:108:6: Warning: trimming empty <span>
    OrderedSet.html:111:6: Warning: trimming empty <span>
    OrderedSet.html:114:6: Warning: trimming empty <span>
    OrderedSet.html:117:6: Warning: trimming empty <span>
    OrderedSet.html:120:6: Warning: trimming empty <span>
    OrderedSet.html:123:6: Warning: trimming empty <span>
    OrderedSet.html:126:6: Warning: trimming empty <span>
    OrderedSet.html:129:6: Warning: trimming empty <span>
    OrderedSet.html:132:6: Warning: trimming empty <span>
    OrderedSet.html:135:6: Warning: trimming empty <span>
    OrderedSet.html:138:6: Warning: trimming empty <span>
    OrderedSet.html:141:6: Warning: trimming empty <span>
    OrderedSet.html:144:6: Warning: trimming empty <span>
    OrderedSet.html:147:6: Warning: trimming empty <span>
    OrderedSet.html:150:6: Warning: trimming empty <span>
    OrderedSet.html:153:6: Warning: trimming empty <span>
    OrderedSet.html:156:6: Warning: trimming empty <span>
    OrderedSet.html:159:6: Warning: trimming empty <span>
    OrderedSet.html:162:6: Warning: trimming empty <span>
    OrderedSet.html:165:6: Warning: trimming empty <span>
    OrderedSet.html:168:6: Warning: trimming empty <span>
    OrderedSet.html:171:6: Warning: trimming empty <span>
    OrderedSet.html:174:6: Warning: trimming empty <span>
    OrderedSet.html:177:6: Warning: trimming empty <span>
    OrderedSet.html:180:6: Warning: trimming empty <span>
    OrderedSet.html:183:6: Warning: trimming empty <span>
    Set.html:80:6: Warning: missing </span> before <p>
    Set.html:80:90: Warning: inserting implicit <span>
    Set.html:83:6: Warning: missing </span> before <p>
    Set.html:83:89: Warning: inserting implicit <span>
    Set.html:86:6: Warning: missing </span> before <p>
    Set.html:86:90: Warning: inserting implicit <span>
    Set.html:89:6: Warning: missing </span> before <p>
    Set.html:89:92: Warning: inserting implicit <span>
    Set.html:92:6: Warning: missing </span> before <p>
    Set.html:92:92: Warning: inserting implicit <span>
    Set.html:95:6: Warning: missing </span> before <p>
    Set.html:95:93: Warning: inserting implicit <span>
    Set.html:98:6: Warning: missing </span> before <p>
    Set.html:98:96: Warning: inserting implicit <span>
    Set.html:101:6: Warning: missing </span> before <p>
    Set.html:101:94: Warning: inserting implicit <span>
    Set.html:104:6: Warning: missing </span> before <p>
    Set.html:104:97: Warning: inserting implicit <span>
    Set.html:107:6: Warning: missing </span> before <p>
    Set.html:107:92: Warning: inserting implicit <span>
    Set.html:110:6: Warning: missing </span> before <p>
    Set.html:110:102: Warning: inserting implicit <span>
    Set.html:113:6: Warning: missing </span> before <p>
    Set.html:113:90: Warning: inserting implicit <span>
    Set.html:116:6: Warning: missing </span> before <p>
    Set.html:116:95: Warning: inserting implicit <span>
    Set.html:119:6: Warning: missing </span> before <p>
    Set.html:119:95: Warning: inserting implicit <span>
    Set.html:122:6: Warning: missing </span> before <p>
    Set.html:122:93: Warning: inserting implicit <span>
    Set.html:125:6: Warning: missing </span> before <p>
    Set.html:125:92: Warning: inserting implicit <span>
    Set.html:128:6: Warning: missing </span> before <p>
    Set.html:128:94: Warning: inserting implicit <span>
    Set.html:131:6: Warning: missing </span> before <p>
    Set.html:131:95: Warning: inserting implicit <span>
    Set.html:134:6: Warning: missing </span> before <p>
    Set.html:134:90: Warning: inserting implicit <span>
    Set.html:137:6: Warning: missing </span> before <p>
    Set.html:137:92: Warning: inserting implicit <span>
    Set.html:140:6: Warning: missing </span> before <p>
    Set.html:140:93: Warning: inserting implicit <span>
    Set.html:143:6: Warning: missing </span> before <p>
    Set.html:143:93: Warning: inserting implicit <span>
    Set.html:146:6: Warning: missing </span> before <p>
    Set.html:146:94: Warning: inserting implicit <span>
    Set.html:149:6: Warning: missing </span> before <p>
    Set.html:149:97: Warning: inserting implicit <span>
    Set.html:152:6: Warning: missing </span> before <p>
    Set.html:152:91: Warning: inserting implicit <span>
    Set.html:155:6: Warning: missing </span> before <p>
    Set.html:155:91: Warning: inserting implicit <span>
    Set.html:158:6: Warning: missing </span> before <p>
    Set.html:158:93: Warning: inserting implicit <span>
    Set.html:80:6: Warning: trimming empty <span>
    Set.html:83:6: Warning: trimming empty <span>
    Set.html:86:6: Warning: trimming empty <span>
    Set.html:89:6: Warning: trimming empty <span>
    Set.html:92:6: Warning: trimming empty <span>
    Set.html:95:6: Warning: trimming empty <span>
    Set.html:98:6: Warning: trimming empty <span>
    Set.html:101:6: Warning: trimming empty <span>
    Set.html:104:6: Warning: trimming empty <span>
    Set.html:107:6: Warning: trimming empty <span>
    Set.html:110:6: Warning: trimming empty <span>
    Set.html:113:6: Warning: trimming empty <span>
    Set.html:116:6: Warning: trimming empty <span>
    Set.html:119:6: Warning: trimming empty <span>
    Set.html:122:6: Warning: trimming empty <span>
    Set.html:125:6: Warning: trimming empty <span>
    Set.html:128:6: Warning: trimming empty <span>
    Set.html:131:6: Warning: trimming empty <span>
    Set.html:134:6: Warning: trimming empty <span>
    Set.html:137:6: Warning: trimming empty <span>
    Set.html:140:6: Warning: trimming empty <span>
    Set.html:143:6: Warning: trimming empty <span>
    Set.html:146:6: Warning: trimming empty <span>
    Set.html:149:6: Warning: trimming empty <span>
    Set.html:152:6: Warning: trimming empty <span>
    Set.html:155:6: Warning: trimming empty <span>
    Set.html:158:6: Warning: trimming empty <span>
Flavors: r-devel-linux-x86_64-debian-clang, r-devel-linux-x86_64-debian-gcc