Last updated on 2022-08-10 01:49:05 CEST.
Flavor | Version | Tinstall | Tcheck | Ttotal | Status | Flags |
---|---|---|---|---|---|---|
r-devel-linux-x86_64-debian-clang | 1.4.6 | 230.56 | 303.74 | 534.30 | NOTE | |
r-devel-linux-x86_64-debian-gcc | 1.4.6 | 182.61 | 199.95 | 382.56 | NOTE | |
r-devel-windows-x86_64 | 1.4.6 | 197.00 | 305.00 | 502.00 | NOTE | |
r-patched-linux-x86_64 | 1.4.6 | 140.49 | 248.94 | 389.43 | NOTE | |
r-release-linux-x86_64 | 1.4.6 | NOTE | ||||
r-release-macos-arm64 | 1.4.6 | 105.00 | NOTE | |||
r-release-macos-x86_64 | 1.4.6 | 242.00 | NOTE | |||
r-release-windows-x86_64 | 1.4.6 | 204.00 | 308.00 | 512.00 | NOTE | |
r-oldrel-macos-arm64 | 1.4.6 | 134.00 | NOTE | |||
r-oldrel-macos-x86_64 | 1.4.6 | 193.00 | NOTE | |||
r-oldrel-windows-ix86+x86_64 | 1.4.6 | 532.00 | 405.00 | 937.00 | NOTE |
Version: 1.4.6
Check: package dependencies
Result: NOTE
Packages suggested but not available for checking: 'conosPanel', 'p2data'
Flavors: r-devel-linux-x86_64-debian-clang, r-devel-linux-x86_64-debian-gcc, r-devel-windows-x86_64, r-patched-linux-x86_64, r-release-linux-x86_64, r-release-macos-arm64, r-release-macos-x86_64, r-release-windows-x86_64, r-oldrel-macos-arm64, r-oldrel-macos-x86_64, r-oldrel-windows-ix86+x86_64
Version: 1.4.6
Check: installed package size
Result: NOTE
installed size is 11.4Mb
sub-directories of 1Mb or more:
libs 9.7Mb
Flavors: r-release-macos-arm64, r-release-macos-x86_64, r-oldrel-macos-arm64, r-oldrel-macos-x86_64