CRAN Package Check Results for Package conogive

Last updated on 2024-06-17 21:51:39 CEST.

Flavor Version Tinstall Tcheck Ttotal Status Flags
r-devel-linux-x86_64-debian-clang 1.0.0 2.59 32.55 35.14 NOTE
r-devel-linux-x86_64-debian-gcc 1.0.0 1.82 24.36 26.18 NOTE
r-devel-linux-x86_64-fedora-clang 1.0.0 43.57 NOTE
r-devel-linux-x86_64-fedora-gcc 1.0.0 42.94 NOTE
r-devel-windows-x86_64 1.0.0 3.00 45.00 48.00 NOTE
r-patched-linux-x86_64 1.0.0 2.55 30.66 33.21 NOTE
r-release-linux-x86_64 1.0.0 2.53 30.91 33.44 NOTE
r-release-macos-arm64 1.0.0 17.00 NOTE
r-release-macos-x86_64 1.0.0 32.00 NOTE
r-release-windows-x86_64 1.0.0 3.00 47.00 50.00 NOTE
r-oldrel-macos-arm64 1.0.0 19.00 NOTE
r-oldrel-macos-x86_64 1.0.0 23.00 NOTE
r-oldrel-windows-x86_64 1.0.0 4.00 46.00 50.00 NOTE

Check Details

Version: 1.0.0
Check: LazyData
Result: NOTE 'LazyData' is specified without a 'data' directory Flavors: r-devel-linux-x86_64-debian-clang, r-devel-linux-x86_64-debian-gcc, r-devel-linux-x86_64-fedora-clang, r-devel-linux-x86_64-fedora-gcc, r-devel-windows-x86_64, r-patched-linux-x86_64, r-release-linux-x86_64, r-release-macos-arm64, r-release-macos-x86_64, r-release-windows-x86_64, r-oldrel-macos-arm64, r-oldrel-macos-x86_64, r-oldrel-windows-x86_64