CRAN Package Check Results for Package conjoint

Last updated on 2020-10-28 19:47:43 CET.

Flavor Version Tinstall Tcheck Ttotal Status Flags
r-devel-linux-x86_64-debian-clang 1.41 10.50 124.72 135.22 NOTE
r-devel-linux-x86_64-debian-gcc 1.41 8.00 91.75 99.75 NOTE
r-devel-linux-x86_64-fedora-clang 1.41 167.41 NOTE
r-devel-linux-x86_64-fedora-gcc 1.41 158.26 NOTE
r-devel-windows-ix86+x86_64 1.41 24.00 164.00 188.00 OK
r-patched-linux-x86_64 1.41 NOTE
r-patched-solaris-x86 1.41 205.00 NOTE
r-release-linux-x86_64 1.41 8.38 115.69 124.07 NOTE
r-release-macos-x86_64 1.41 OK
r-release-windows-ix86+x86_64 1.41 17.00 113.00 130.00 OK
r-oldrel-macos-x86_64 1.41 OK
r-oldrel-windows-ix86+x86_64 1.41 21.00 147.00 168.00 OK

Check Details

Version: 1.41
Check: for non-standard things in the check directory
Result: NOTE
    Found the following files/directories:
     'design_names.csv' 'design_numbers.csv'
     'encoded_orthogonal_factorial_design.csv'
     'orthogonal_factorial_design.csv'
Flavors: r-devel-linux-x86_64-debian-clang, r-devel-linux-x86_64-debian-gcc, r-devel-linux-x86_64-fedora-clang, r-devel-linux-x86_64-fedora-gcc, r-patched-linux-x86_64, r-patched-solaris-x86, r-release-linux-x86_64