CRAN Package Check Results for Package configr

Last updated on 2022-09-27 21:53:46 CEST.

Flavor Version Tinstall Tcheck Ttotal Status Flags
r-devel-linux-x86_64-debian-clang 0.3.5 4.57 49.72 54.29 NOTE
r-devel-linux-x86_64-debian-gcc 0.3.5 3.39 37.97 41.36 NOTE
r-devel-linux-x86_64-fedora-clang 0.3.5 78.78 NOTE
r-devel-linux-x86_64-fedora-gcc 0.3.5 73.12 NOTE
r-devel-windows-x86_64 0.3.5 28.00 97.00 125.00 NOTE
r-patched-linux-x86_64 0.3.5 2.76 47.19 49.95 NOTE
r-release-linux-x86_64 0.3.5 2.99 47.07 50.06 NOTE
r-release-macos-arm64 0.3.5 28.00 NOTE
r-release-macos-x86_64 0.3.5 36.00 NOTE
r-release-windows-x86_64 0.3.5 23.00 100.00 123.00 NOTE
r-oldrel-macos-arm64 0.3.5 31.00 NOTE
r-oldrel-macos-x86_64 0.3.5 48.00 NOTE
r-oldrel-windows-ix86+x86_64 0.3.5 10.00 84.00 94.00 NOTE

Check Details

Version: 0.3.5
Check: LazyData
Result: NOTE
     'LazyData' is specified without a 'data' directory
Flavors: r-devel-linux-x86_64-debian-clang, r-devel-linux-x86_64-debian-gcc, r-devel-linux-x86_64-fedora-clang, r-devel-linux-x86_64-fedora-gcc, r-devel-windows-x86_64, r-patched-linux-x86_64, r-release-linux-x86_64, r-release-macos-arm64, r-release-macos-x86_64, r-release-windows-x86_64, r-oldrel-macos-arm64, r-oldrel-macos-x86_64, r-oldrel-windows-ix86+x86_64