Last updated on 2023-10-02 19:11:05 CEST.
Flavor | Version | Tinstall | Tcheck | Ttotal | Status | Flags |
---|---|---|---|---|---|---|
r-devel-linux-x86_64-debian-clang | 0.3.5 | 5.54 | 54.93 | 60.47 | NOTE | |
r-devel-linux-x86_64-debian-gcc | 0.3.5 | 4.05 | 41.87 | 45.92 | NOTE | |
r-devel-linux-x86_64-fedora-clang | 0.3.5 | 74.83 | NOTE | |||
r-devel-linux-x86_64-fedora-gcc | 0.3.5 | 85.27 | NOTE | |||
r-devel-windows-x86_64 | 0.3.5 | 6.00 | 81.00 | 87.00 | NOTE | |
r-patched-linux-x86_64 | 0.3.5 | 5.31 | 53.76 | 59.07 | NOTE | |
r-release-linux-x86_64 | 0.3.5 | 4.74 | 54.36 | 59.10 | NOTE | |
r-release-macos-arm64 | 0.3.5 | 38.00 | NOTE | |||
r-release-macos-x86_64 | 0.3.5 | 48.00 | NOTE | |||
r-release-windows-x86_64 | 0.3.5 | 7.00 | 82.00 | 89.00 | NOTE | |
r-oldrel-macos-arm64 | 0.3.5 | 28.00 | NOTE | |||
r-oldrel-macos-x86_64 | 0.3.5 | 36.00 | NOTE | |||
r-oldrel-windows-x86_64 | 0.3.5 | 7.00 | 86.00 | 93.00 | NOTE |
Version: 0.3.5
Check: LazyData
Result: NOTE
'LazyData' is specified without a 'data' directory
Flavors: r-devel-linux-x86_64-debian-clang, r-devel-linux-x86_64-debian-gcc, r-devel-linux-x86_64-fedora-clang, r-devel-linux-x86_64-fedora-gcc, r-devel-windows-x86_64, r-patched-linux-x86_64, r-release-linux-x86_64, r-release-macos-arm64, r-release-macos-x86_64, r-release-windows-x86_64, r-oldrel-macos-arm64, r-oldrel-macos-x86_64, r-oldrel-windows-x86_64