Last updated on 2023-02-01 21:54:47 CET.
Flavor | Version | Tinstall | Tcheck | Ttotal | Status | Flags |
---|---|---|---|---|---|---|
r-devel-linux-x86_64-debian-clang | 0.2 | 1.68 | 24.53 | 26.21 | NOTE | |
r-devel-linux-x86_64-debian-gcc | 0.2 | 1.84 | 19.42 | 21.26 | NOTE | |
r-devel-linux-x86_64-fedora-clang | 0.2 | 34.90 | NOTE | |||
r-devel-linux-x86_64-fedora-gcc | 0.2 | 112.62 | NOTE | |||
r-devel-windows-x86_64 | 0.2 | 8.00 | 58.00 | 66.00 | NOTE | |
r-patched-linux-x86_64 | 0.2 | 1.99 | 25.51 | 27.50 | NOTE | |
r-release-linux-x86_64 | 0.2 | 2.39 | 82.60 | 84.99 | NOTE | |
r-release-macos-arm64 | 0.2 | 33.00 | NOTE | |||
r-release-macos-x86_64 | 0.2 | 51.00 | NOTE | |||
r-release-windows-x86_64 | 0.2 | 9.00 | 117.00 | 126.00 | NOTE | |
r-oldrel-macos-arm64 | 0.2 | 40.00 | NOTE | |||
r-oldrel-macos-x86_64 | 0.2 | 71.00 | NOTE | |||
r-oldrel-windows-ix86+x86_64 | 0.2 | 6.00 | 50.00 | 56.00 | NOTE |
Version: 0.2
Check: LazyData
Result: NOTE
'LazyData' is specified without a 'data' directory
Flavors: r-devel-linux-x86_64-debian-clang, r-devel-linux-x86_64-debian-gcc, r-devel-linux-x86_64-fedora-clang, r-devel-linux-x86_64-fedora-gcc, r-devel-windows-x86_64, r-patched-linux-x86_64, r-release-linux-x86_64, r-release-macos-arm64, r-release-macos-x86_64, r-release-windows-x86_64, r-oldrel-macos-arm64, r-oldrel-macos-x86_64, r-oldrel-windows-ix86+x86_64