CRAN Package Check Results for Package condmixt

Last updated on 2020-10-28 01:49:30 CET.

Flavor Version Tinstall Tcheck Ttotal Status Flags
r-devel-linux-x86_64-debian-clang 1.1 8.31 35.86 44.17 OK
r-devel-linux-x86_64-debian-gcc 1.1 6.69 27.01 33.70 OK
r-devel-linux-x86_64-fedora-clang 1.1 62.57 NOTE
r-devel-linux-x86_64-fedora-gcc 1.1 52.04 NOTE
r-devel-windows-ix86+x86_64 1.1 17.00 71.00 88.00 OK
r-patched-linux-x86_64 1.1 OK
r-patched-solaris-x86 1.1 68.70 OK
r-release-linux-x86_64 1.1 7.58 33.59 41.17 OK
r-release-macos-x86_64 1.1 OK
r-release-windows-ix86+x86_64 1.1 14.00 57.00 71.00 OK
r-oldrel-macos-x86_64 1.1 OK
r-oldrel-windows-ix86+x86_64 1.1 25.00 67.00 92.00 OK

Check Details

Version: 1.1
Check: compiled code
Result: NOTE
    File ‘condmixt/libs/condmixt.so’:
     Found no calls to: ‘R_registerRoutines’, ‘R_useDynamicSymbols’
    
    It is good practice to register native routines and to disable symbol
    search.
    
    See ‘Writing portable packages’ in the ‘Writing R Extensions’ manual.
Flavors: r-devel-linux-x86_64-fedora-clang, r-devel-linux-x86_64-fedora-gcc