CRAN Package Check Results for Package cond

Last updated on 2022-09-24 18:56:21 CEST.

Flavor Version Tinstall Tcheck Ttotal Status Flags
r-devel-linux-x86_64-debian-clang 1.2-3.1 10.76 87.40 98.16 NOTE
r-devel-linux-x86_64-debian-gcc 1.2-3.1 7.13 67.21 74.34 NOTE
r-devel-linux-x86_64-fedora-clang 1.2-3.1 130.62 NOTE
r-devel-linux-x86_64-fedora-gcc 1.2-3.1 127.35 NOTE
r-devel-windows-x86_64 1.2-3.1 17.00 121.00 138.00 NOTE
r-patched-linux-x86_64 1.2-3.1 9.68 84.11 93.79 OK
r-release-linux-x86_64 1.2-3.1 8.86 84.40 93.26 OK
r-release-macos-arm64 1.2-3.1 36.00 OK
r-release-macos-x86_64 1.2-3.1 55.00 OK
r-release-windows-x86_64 1.2-3.1 17.00 125.00 142.00 OK
r-oldrel-macos-arm64 1.2-3.1 53.00 OK
r-oldrel-macos-x86_64 1.2-3.1 78.00 OK
r-oldrel-windows-ix86+x86_64 1.2-3.1 19.00 106.00 125.00 OK

Check Details

Version: 1.2-3.1
Check: Rd files
Result: NOTE
    checkRd: (-1) babies.Rd:35: Escaped LaTeX specials: \&
Flavors: r-devel-linux-x86_64-debian-clang, r-devel-linux-x86_64-debian-gcc, r-devel-linux-x86_64-fedora-clang, r-devel-linux-x86_64-fedora-gcc, r-devel-windows-x86_64