Last updated on 2022-06-29 06:53:23 CEST.
Flavor | Version | Tinstall | Tcheck | Ttotal | Status | Flags |
---|---|---|---|---|---|---|
r-devel-linux-x86_64-debian-clang | 2.7.7 | 16.58 | 173.41 | 189.99 | NOTE | |
r-devel-linux-x86_64-debian-gcc | 2.7.7 | 13.25 | 127.57 | 140.82 | NOTE | |
r-devel-linux-x86_64-fedora-clang | 2.7.7 | 234.32 | NOTE | |||
r-devel-linux-x86_64-fedora-gcc | 2.7.7 | 230.48 | NOTE | |||
r-devel-windows-x86_64 | 2.7.7 | 43.00 | 196.00 | 239.00 | NOTE | |
r-patched-linux-x86_64 | 2.7.7 | 13.85 | 164.52 | 178.37 | NOTE | |
r-release-linux-x86_64 | 2.7.7 | 18.26 | 160.09 | 178.35 | NOTE | |
r-release-macos-arm64 | 2.7.7 | 63.00 | NOTE | |||
r-release-macos-x86_64 | 2.7.7 | 105.00 | NOTE | |||
r-release-windows-x86_64 | 2.7.7 | 32.00 | 186.00 | 218.00 | NOTE | |
r-oldrel-macos-arm64 | 2.7.7 | 67.00 | NOTE | |||
r-oldrel-macos-x86_64 | 2.7.7 | 122.00 | NOTE | |||
r-oldrel-windows-ix86+x86_64 | 2.7.7 | 38.00 | 189.00 | 227.00 | NOTE |
Version: 2.7.7
Check: LazyData
Result: NOTE
'LazyData' is specified without a 'data' directory
Flavors: r-devel-linux-x86_64-debian-clang, r-devel-linux-x86_64-debian-gcc, r-devel-linux-x86_64-fedora-clang, r-devel-linux-x86_64-fedora-gcc, r-devel-windows-x86_64, r-patched-linux-x86_64, r-release-linux-x86_64, r-release-macos-arm64, r-release-macos-x86_64, r-release-windows-x86_64, r-oldrel-macos-arm64, r-oldrel-macos-x86_64, r-oldrel-windows-ix86+x86_64
Version: 2.7.7
Check: Rd cross-references
Result: NOTE
Undeclared package ‘rlang’ in Rd xrefs
Flavor: r-devel-linux-x86_64-fedora-clang