CRAN Package Check Results for Package comparer

Last updated on 2022-10-04 00:51:32 CEST.

Flavor Version Tinstall Tcheck Ttotal Status Flags
r-devel-linux-x86_64-debian-clang 0.2.2 6.54 58.94 65.48 OK
r-devel-linux-x86_64-debian-gcc 0.2.2 4.24 42.91 47.15 OK
r-devel-linux-x86_64-fedora-clang 0.2.2 88.27 NOTE
r-devel-linux-x86_64-fedora-gcc 0.2.2 84.89 NOTE
r-devel-windows-x86_64 0.2.2 19.00 101.00 120.00 OK
r-patched-linux-x86_64 0.2.2 6.58 53.40 59.98 OK
r-release-linux-x86_64 0.2.2 6.86 52.72 59.58 OK
r-release-macos-arm64 0.2.2 36.00 NOTE
r-release-macos-x86_64 0.2.2 50.00 NOTE
r-release-windows-x86_64 0.2.2 12.00 97.00 109.00 OK
r-oldrel-macos-arm64 0.2.2 51.00 NOTE
r-oldrel-macos-x86_64 0.2.2 60.00 NOTE
r-oldrel-windows-ix86+x86_64 0.2.2 12.00 92.00 104.00 OK

Check Details

Version: 0.2.2
Check: dependencies in R code
Result: NOTE
    Namespace in Imports field not imported from: ‘R6’
     All declared Imports should be used.
Flavors: r-devel-linux-x86_64-fedora-clang, r-devel-linux-x86_64-fedora-gcc, r-release-macos-arm64, r-release-macos-x86_64, r-oldrel-macos-arm64, r-oldrel-macos-x86_64