CRAN Package Check Results for Package comparer

Last updated on 2020-09-22 14:04:53 CEST.

Flavor Version Tinstall Tcheck Ttotal Status Flags
r-devel-linux-x86_64-debian-clang 0.2.1 3.62 45.54 49.16 OK
r-devel-linux-x86_64-debian-gcc 0.2.1 3.39 37.45 40.84 OK
r-devel-linux-x86_64-fedora-clang 0.2.1 67.56 NOTE
r-devel-linux-x86_64-fedora-gcc 0.2.1 62.58 NOTE
r-devel-windows-ix86+x86_64 0.2.1 7.00 68.00 75.00 OK
r-patched-linux-x86_64 0.2.1 4.00 44.21 48.21 OK
r-patched-solaris-x86 0.2.1 90.30 NOTE
r-release-linux-x86_64 0.2.1 4.15 44.61 48.76 OK
r-release-macos-x86_64 0.2.1 NOTE
r-release-windows-ix86+x86_64 0.2.1 8.00 78.00 86.00 OK
r-oldrel-macos-x86_64 0.2.1 NOTE
r-oldrel-windows-ix86+x86_64 0.2.1 4.00 58.00 62.00 OK

Check Details

Version: 0.2.1
Check: dependencies in R code
Result: NOTE
    Namespace in Imports field not imported from: ‘R6’
     All declared Imports should be used.
Flavors: r-devel-linux-x86_64-fedora-clang, r-devel-linux-x86_64-fedora-gcc, r-patched-solaris-x86, r-release-macos-x86_64, r-oldrel-macos-x86_64