CRAN Package Check Results for Package compareDF

Last updated on 2021-04-09 19:49:22 CEST.

Flavor Version Tinstall Tcheck Ttotal Status Flags
r-devel-linux-x86_64-debian-clang 2.3.1 4.86 66.16 71.02 OK
r-devel-linux-x86_64-debian-gcc 2.3.1 4.14 49.03 53.17 OK
r-devel-linux-x86_64-fedora-clang 2.3.1 88.73 NOTE
r-devel-linux-x86_64-fedora-gcc 2.3.1 110.45 NOTE
r-devel-windows-ix86+x86_64 2.3.1 8.00 65.00 73.00 OK
r-devel-windows-x86_64-gcc10-UCRT 2.3.1 NOTE
r-patched-linux-x86_64 2.3.1 4.69 61.31 66.00 OK
r-patched-solaris-x86 2.3.1 115.80 NOTE
r-release-linux-x86_64 2.3.1 OK
r-release-macos-x86_64 2.3.1 NOTE
r-release-windows-ix86+x86_64 2.3.1 15.00 88.00 103.00 OK
r-oldrel-macos-x86_64 2.3.1 NOTE
r-oldrel-windows-ix86+x86_64 2.3.1 10.00 61.00 71.00 OK

Check Details

Version: 2.3.1
Check: dependencies in R code
Result: NOTE
    Namespace in Imports field not imported from: ‘magrittr’
     All declared Imports should be used.
Flavors: r-devel-linux-x86_64-fedora-clang, r-devel-linux-x86_64-fedora-gcc, r-devel-windows-x86_64-gcc10-UCRT, r-patched-solaris-x86, r-release-macos-x86_64, r-oldrel-macos-x86_64