CRAN Package Check Results for Package combiter

Last updated on 2022-09-28 06:54:03 CEST.

Flavor Version Tinstall Tcheck Ttotal Status Flags
r-devel-linux-x86_64-debian-clang 1.0.3 42.03 43.89 85.92 NOTE
r-devel-linux-x86_64-debian-gcc 1.0.3 30.97 34.02 64.99 NOTE
r-devel-linux-x86_64-fedora-clang 1.0.3 136.24 NOTE
r-devel-linux-x86_64-fedora-gcc 1.0.3 115.61 NOTE
r-devel-windows-x86_64 1.0.3 46.00 91.00 137.00 NOTE
r-patched-linux-x86_64 1.0.3 31.62 41.72 73.34 NOTE
r-release-linux-x86_64 1.0.3 36.27 41.92 78.19 NOTE
r-release-macos-arm64 1.0.3 32.00 NOTE
r-release-macos-x86_64 1.0.3 44.00 NOTE
r-release-windows-x86_64 1.0.3 44.00 93.00 137.00 NOTE
r-oldrel-macos-arm64 1.0.3 39.00 NOTE
r-oldrel-macos-x86_64 1.0.3 60.00 NOTE
r-oldrel-windows-ix86+x86_64 1.0.3 98.00 107.00 205.00 NOTE

Check Details

Version: 1.0.3
Check: LazyData
Result: NOTE
     'LazyData' is specified without a 'data' directory
Flavors: r-devel-linux-x86_64-debian-clang, r-devel-linux-x86_64-debian-gcc, r-devel-linux-x86_64-fedora-clang, r-devel-linux-x86_64-fedora-gcc, r-devel-windows-x86_64, r-patched-linux-x86_64, r-release-linux-x86_64, r-release-macos-arm64, r-release-macos-x86_64, r-release-windows-x86_64, r-oldrel-macos-arm64, r-oldrel-macos-x86_64, r-oldrel-windows-ix86+x86_64