CRAN Package Check Results for Package colt

Last updated on 2020-08-05 13:49:16 CEST.

Flavor Version Tinstall Tcheck Ttotal Status Flags
r-devel-linux-x86_64-debian-clang 0.1.1 2.32 21.02 23.34 OK
r-devel-linux-x86_64-debian-gcc 0.1.1 1.66 16.79 18.45 OK
r-devel-linux-x86_64-fedora-clang 0.1.1 36.87 NOTE
r-devel-linux-x86_64-fedora-gcc 0.1.1 27.76 NOTE
r-devel-windows-ix86+x86_64 0.1.1 8.00 35.00 43.00 OK
r-patched-linux-x86_64 0.1.1 2.11 20.98 23.09 OK
r-patched-solaris-x86 0.1.1 43.20 NOTE
r-release-linux-x86_64 0.1.1 1.88 21.02 22.90 OK
r-release-macos-x86_64 0.1.1 NOTE
r-release-windows-ix86+x86_64 0.1.1 10.00 45.00 55.00 OK
r-oldrel-macos-x86_64 0.1.1 NOTE
r-oldrel-windows-ix86+x86_64 0.1.1 5.00 34.00 39.00 OK

Check Details

Version: 0.1.1
Check: dependencies in R code
Result: NOTE
    Namespace in Imports field not imported from: ‘crayon’
     All declared Imports should be used.
Flavors: r-devel-linux-x86_64-fedora-clang, r-devel-linux-x86_64-fedora-gcc, r-patched-solaris-x86, r-release-macos-x86_64, r-oldrel-macos-x86_64