CRAN Package Check Results for Package colourvalues

Last updated on 2020-09-21 19:58:56 CEST.

Flavor Version Tinstall Tcheck Ttotal Status Flags
r-devel-linux-x86_64-debian-clang 0.3.5 100.59 31.55 132.14 OK
r-devel-linux-x86_64-debian-gcc 0.3.5 84.69 24.78 109.47 OK
r-devel-linux-x86_64-fedora-clang 0.3.5 197.79 NOTE
r-devel-linux-x86_64-fedora-gcc 0.3.5 189.92 OK
r-devel-windows-ix86+x86_64 0.3.5 235.00 74.00 309.00 NOTE
r-patched-linux-x86_64 0.3.5 115.20 31.43 146.63 OK
r-patched-solaris-x86 0.3.5 163.30 OK
r-release-linux-x86_64 0.3.5 113.73 31.56 145.29 OK
r-release-macos-x86_64 0.3.5 NOTE
r-release-windows-ix86+x86_64 0.3.5 234.00 74.00 308.00 NOTE
r-oldrel-macos-x86_64 0.3.5 NOTE
r-oldrel-windows-ix86+x86_64 0.3.5 172.00 60.00 232.00 OK

Check Details

Version: 0.3.5
Check: installed package size
Result: NOTE
     installed size is 9.7Mb
     sub-directories of 1Mb or more:
     libs 8.4Mb
Flavors: r-devel-linux-x86_64-fedora-clang, r-devel-windows-ix86+x86_64, r-release-macos-x86_64, r-release-windows-ix86+x86_64, r-oldrel-macos-x86_64