CRAN Package Check Results for Package colorspace

Last updated on 2020-05-31 07:48:41 CEST.

Flavor Version Tinstall Tcheck Ttotal Status Flags
r-devel-linux-x86_64-debian-clang 1.4-1 11.47 89.96 101.43 NOTE
r-devel-linux-x86_64-debian-gcc 1.4-1 9.63 68.94 78.57 NOTE
r-devel-linux-x86_64-fedora-clang 1.4-1 123.03 NOTE
r-devel-linux-x86_64-fedora-gcc 1.4-1 121.96 NOTE
r-devel-windows-ix86+x86_64 1.4-1 36.00 196.00 232.00 OK
r-patched-linux-x86_64 1.4-1 11.82 88.41 100.23 NOTE
r-patched-solaris-x86 1.4-1 161.30 NOTE
r-release-linux-x86_64 1.4-1 11.56 88.57 100.13 NOTE
r-release-osx-x86_64 1.4-1 OK
r-release-windows-ix86+x86_64 1.4-1 25.00 192.00 217.00 OK
r-oldrel-osx-x86_64 1.4-1 OK
r-oldrel-windows-ix86+x86_64 1.4-1 34.00 137.00 171.00 OK

Check Details

Version: 1.4-1
Check: for non-standard things in the check directory
Result: NOTE
    Found the following files/directories:
     'random.txt'
Flavors: r-devel-linux-x86_64-debian-clang, r-devel-linux-x86_64-debian-gcc, r-devel-linux-x86_64-fedora-clang, r-devel-linux-x86_64-fedora-gcc, r-patched-linux-x86_64, r-patched-solaris-x86, r-release-linux-x86_64