CRAN Package Check Results for Package colorizer

Last updated on 2021-04-09 19:49:22 CEST.

Flavor Version Tinstall Tcheck Ttotal Status Flags
r-devel-linux-x86_64-debian-clang 0.1.0 4.88 45.96 50.84 NOTE
r-devel-linux-x86_64-debian-gcc 0.1.0 3.80 34.17 37.97 NOTE
r-devel-linux-x86_64-fedora-clang 0.1.0 70.54 NOTE
r-devel-linux-x86_64-fedora-gcc 0.1.0 55.26 NOTE
r-devel-windows-ix86+x86_64 0.1.0 9.00 48.00 57.00 NOTE
r-devel-windows-x86_64-gcc10-UCRT 0.1.0 NOTE
r-patched-linux-x86_64 0.1.0 4.59 41.79 46.38 OK
r-patched-solaris-x86 0.1.0 95.30 NOTE
r-release-linux-x86_64 0.1.0 OK
r-release-macos-x86_64 0.1.0 OK
r-release-windows-ix86+x86_64 0.1.0 26.00 62.00 88.00 OK
r-oldrel-macos-x86_64 0.1.0 NOTE
r-oldrel-windows-ix86+x86_64 0.1.0 11.00 45.00 56.00 NOTE

Check Details

Version: 0.1.0
Check: LazyData
Result: NOTE
     'LazyData' is specified without a 'data' directory
Flavors: r-devel-linux-x86_64-debian-clang, r-devel-linux-x86_64-debian-gcc, r-devel-linux-x86_64-fedora-clang, r-devel-linux-x86_64-fedora-gcc, r-devel-windows-ix86+x86_64, r-devel-windows-x86_64-gcc10-UCRT

Version: 0.1.0
Check: package dependencies
Result: NOTE
    Package suggested but not available for checking: 'gifski'
Flavors: r-devel-windows-x86_64-gcc10-UCRT, r-patched-solaris-x86

Version: 0.1.0
Check: R code for possible problems
Result: NOTE
    juxtapose_wh: no visible global function definition for ‘plot’
    plot_img: no visible global function definition for ‘plot’
    Undefined global functions or variables:
     plot
    Consider adding
     importFrom("graphics", "plot")
    to your NAMESPACE file.
Flavors: r-oldrel-macos-x86_64, r-oldrel-windows-ix86+x86_64