CRAN Package Check Results for Package cocron

Last updated on 2024-05-27 12:51:23 CEST.

Flavor Version Tinstall Tcheck Ttotal Status Flags
r-devel-linux-x86_64-debian-clang 1.0-1 4.15 29.65 33.80 NOTE
r-devel-linux-x86_64-debian-gcc 1.0-1 2.29 22.96 25.25 NOTE
r-devel-linux-x86_64-fedora-clang 1.0-1 46.34 NOTE
r-devel-linux-x86_64-fedora-gcc 1.0-1 39.85 NOTE
r-devel-windows-x86_64 1.0-1 4.00 46.00 50.00 NOTE
r-patched-linux-x86_64 1.0-1 3.35 28.80 32.15 NOTE
r-release-linux-x86_64 1.0-1 2.76 28.51 31.27 NOTE
r-release-macos-arm64 1.0-1 17.00 NOTE
r-release-windows-x86_64 1.0-1 3.00 46.00 49.00 NOTE
r-oldrel-macos-arm64 1.0-1 17.00 NOTE
r-oldrel-macos-x86_64 1.0-1 23.00 NOTE
r-oldrel-windows-x86_64 1.0-1 4.00 49.00 53.00 NOTE

Check Details

Version: 1.0-1
Check: package dependencies
Result: NOTE Package which this enhances but not available for checking: ‘rkward’ Flavors: r-devel-linux-x86_64-debian-clang, r-devel-linux-x86_64-debian-gcc, r-devel-linux-x86_64-fedora-clang, r-devel-linux-x86_64-fedora-gcc, r-devel-windows-x86_64, r-patched-linux-x86_64, r-release-linux-x86_64, r-release-macos-arm64, r-release-windows-x86_64, r-oldrel-macos-arm64, r-oldrel-macos-x86_64, r-oldrel-windows-x86_64