CRAN Package Check Results for Package coca

Last updated on 2020-11-01 01:47:18 CET.

Flavor Version Tinstall Tcheck Ttotal Status Flags
r-devel-linux-x86_64-debian-clang 1.1.0 3.46 103.11 106.57 OK
r-devel-linux-x86_64-debian-gcc 1.1.0 2.36 75.51 77.87 OK
r-devel-linux-x86_64-fedora-clang 1.1.0 131.62 NOTE
r-devel-linux-x86_64-fedora-gcc 1.1.0 122.95 NOTE
r-devel-windows-ix86+x86_64 1.1.0 10.00 128.00 138.00 OK
r-patched-linux-x86_64 1.1.0 3.62 96.50 100.12 OK
r-patched-solaris-x86 1.1.0 212.90 NOTE
r-release-linux-x86_64 1.1.0 3.26 96.53 99.79 OK
r-release-macos-x86_64 1.1.0 NOTE
r-release-windows-ix86+x86_64 1.1.0 7.00 128.00 135.00 OK
r-oldrel-macos-x86_64 1.1.0 NOTE
r-oldrel-windows-ix86+x86_64 1.1.0 5.00 89.00 94.00 OK

Check Details

Version: 1.1.0
Check: dependencies in R code
Result: NOTE
    Namespaces in Imports field not imported from:
     ‘Matrix’ ‘nnet’
     All declared Imports should be used.
Flavors: r-devel-linux-x86_64-fedora-clang, r-devel-linux-x86_64-fedora-gcc, r-patched-solaris-x86, r-release-macos-x86_64, r-oldrel-macos-x86_64