Last updated on 2022-06-26 00:51:33 CEST.
Flavor | Version | Tinstall | Tcheck | Ttotal | Status | Flags |
---|---|---|---|---|---|---|
r-devel-linux-x86_64-debian-clang | 3.3.0 | 94.80 | 175.89 | 270.69 | OK | |
r-devel-linux-x86_64-debian-gcc | 3.3.0 | 77.25 | 130.59 | 207.84 | OK | |
r-devel-linux-x86_64-fedora-clang | 3.3.0 | 368.29 | OK | |||
r-devel-linux-x86_64-fedora-gcc | 3.3.0 | 346.80 | OK | |||
r-devel-windows-x86_64 | 3.3.0 | 105.00 | 237.00 | 342.00 | OK | |
r-patched-linux-x86_64 | 3.3.0 | 81.34 | 169.75 | 251.09 | OK | |
r-release-linux-x86_64 | 3.3.0 | 76.26 | 168.91 | 245.17 | OK | |
r-release-macos-arm64 | 3.3.0 | 94.00 | OK | |||
r-release-macos-x86_64 | 3.3.0 | 149.00 | OK | |||
r-release-windows-x86_64 | 3.3.0 | 115.00 | 223.00 | 338.00 | OK | |
r-oldrel-macos-arm64 | 3.3.0 | 69.00 | NOTE | |||
r-oldrel-macos-x86_64 | 3.3.0 | 132.00 | OK | |||
r-oldrel-windows-ix86+x86_64 | 3.3.0 | 222.00 | 287.00 | 509.00 | OK |
Version: 3.3.0
Check: installed package size
Result: NOTE
installed size is 5.4Mb
sub-directories of 1Mb or more:
libs 4.1Mb
Flavor: r-oldrel-macos-arm64