Last updated on 2022-08-12 06:49:17 CEST.
Flavor | Version | Tinstall | Tcheck | Ttotal | Status | Flags |
---|---|---|---|---|---|---|
r-devel-linux-x86_64-debian-clang | 0.2.1 | 13.57 | 142.69 | 156.26 | OK | |
r-devel-linux-x86_64-debian-gcc | 0.2.1 | 0.37 | 2.27 | 2.64 | ERROR | |
r-devel-linux-x86_64-fedora-clang | 0.2.1 | 196.11 | OK | |||
r-devel-linux-x86_64-fedora-gcc | 0.2.1 | 192.19 | OK | |||
r-devel-windows-x86_64 | 0.2.1 | 19.00 | 185.00 | 204.00 | OK | |
r-patched-linux-x86_64 | 0.2.1 | 12.21 | 136.11 | 148.32 | OK | |
r-release-linux-x86_64 | 0.2.1 | 11.99 | 134.23 | 146.22 | OK | |
r-release-macos-arm64 | 0.2.1 | 57.00 | OK | |||
r-release-macos-x86_64 | 0.2.1 | 136.00 | OK | |||
r-release-windows-x86_64 | 0.2.1 | 24.00 | 180.00 | 204.00 | OK | |
r-oldrel-macos-arm64 | 0.2.1 | 75.00 | OK | |||
r-oldrel-macos-x86_64 | 0.2.1 | 78.00 | OK | |||
r-oldrel-windows-ix86+x86_64 | 0.2.1 | 30.00 | 168.00 | 198.00 | OK |
Version: 0.2.1
Check: package dependencies
Result: ERROR
Package required but not available: ‘twang’
See section ‘The DESCRIPTION file’ in the ‘Writing R Extensions’
manual.
Flavor: r-devel-linux-x86_64-debian-gcc