CRAN Package Check Results for Package cmenet

Last updated on 2022-10-06 01:49:43 CEST.

Flavor Version Tinstall Tcheck Ttotal Status Flags
r-devel-linux-x86_64-debian-clang 0.1.2 40.96 72.86 113.82 OK
r-devel-linux-x86_64-debian-gcc 0.1.2 33.89 56.61 90.50 OK
r-devel-linux-x86_64-fedora-clang 0.1.2 176.50 NOTE
r-devel-linux-x86_64-fedora-gcc 0.1.2 153.87 NOTE
r-devel-windows-x86_64 0.1.2 39.00 112.00 151.00 OK
r-patched-linux-x86_64 0.1.2 32.35 71.13 103.48 OK
r-release-linux-x86_64 0.1.2 39.92 71.03 110.95 OK
r-release-macos-arm64 0.1.2 41.00 NOTE
r-release-macos-x86_64 0.1.2 60.00 NOTE
r-release-windows-x86_64 0.1.2 38.00 116.00 154.00 OK
r-oldrel-macos-arm64 0.1.2 38.00 NOTE
r-oldrel-macos-x86_64 0.1.2 57.00 NOTE
r-oldrel-windows-ix86+x86_64 0.1.2 105.00 124.00 229.00 OK

Check Details

Version: 0.1.2
Check: dependencies in R code
Result: NOTE
    Namespace in Imports field not imported from: ‘MASS’
     All declared Imports should be used.
Flavors: r-devel-linux-x86_64-fedora-clang, r-devel-linux-x86_64-fedora-gcc, r-release-macos-arm64, r-release-macos-x86_64, r-oldrel-macos-arm64, r-oldrel-macos-x86_64