CRAN Package Check Results for Package cmdfun

Last updated on 2023-02-02 00:54:39 CET.

Flavor Version Tinstall Tcheck Ttotal Status Flags
r-devel-linux-x86_64-debian-clang 1.0.2 3.13 34.63 37.76 NOTE
r-devel-linux-x86_64-debian-gcc 1.0.2 2.05 27.06 29.11 NOTE
r-devel-linux-x86_64-fedora-clang 1.0.2 47.98 NOTE
r-devel-linux-x86_64-fedora-gcc 1.0.2 58.73 NOTE
r-devel-windows-x86_64 1.0.2 25.00 70.00 95.00 NOTE
r-patched-linux-x86_64 1.0.2 1.81 34.08 35.89 NOTE
r-release-linux-x86_64 1.0.2 1.94 34.03 35.97 NOTE
r-release-macos-arm64 1.0.2 21.00 NOTE
r-release-macos-x86_64 1.0.2 37.00 NOTE
r-release-windows-x86_64 1.0.2 22.00 73.00 95.00 NOTE
r-oldrel-macos-arm64 1.0.2 24.00 NOTE
r-oldrel-macos-x86_64 1.0.2 35.00 NOTE
r-oldrel-windows-ix86+x86_64 1.0.2 8.00 65.00 73.00 NOTE

Check Details

Version: 1.0.2
Check: LazyData
Result: NOTE
     'LazyData' is specified without a 'data' directory
Flavors: r-devel-linux-x86_64-debian-clang, r-devel-linux-x86_64-debian-gcc, r-devel-linux-x86_64-fedora-clang, r-devel-linux-x86_64-fedora-gcc, r-devel-windows-x86_64, r-patched-linux-x86_64, r-release-linux-x86_64, r-release-macos-arm64, r-release-macos-x86_64, r-release-windows-x86_64, r-oldrel-macos-arm64, r-oldrel-macos-x86_64, r-oldrel-windows-ix86+x86_64