CRAN Package Check Results for Package cmdfun

Last updated on 2023-09-27 21:01:19 CEST.

Flavor Version Tinstall Tcheck Ttotal Status Flags
r-devel-linux-x86_64-debian-clang 1.0.2 2.19 35.57 37.76 NOTE
r-devel-linux-x86_64-debian-gcc 1.0.2 2.49 27.38 29.87 NOTE
r-devel-linux-x86_64-fedora-clang 1.0.2 48.28 NOTE
r-devel-linux-x86_64-fedora-gcc 1.0.2 59.01 NOTE
r-devel-windows-x86_64 1.0.2 4.00 52.00 56.00 NOTE
r-patched-linux-x86_64 1.0.2 2.13 33.84 35.97 NOTE
r-release-linux-x86_64 1.0.2 2.79 34.58 37.37 NOTE
r-release-macos-arm64 1.0.2 27.00 NOTE
r-release-macos-x86_64 1.0.2 39.00 NOTE
r-release-windows-x86_64 1.0.2 5.00 54.00 59.00 NOTE
r-oldrel-macos-arm64 1.0.2 21.00 NOTE
r-oldrel-macos-x86_64 1.0.2 37.00 NOTE
r-oldrel-windows-x86_64 1.0.2 5.00 54.00 59.00 NOTE

Check Details

Version: 1.0.2
Check: LazyData
Result: NOTE
     'LazyData' is specified without a 'data' directory
Flavors: r-devel-linux-x86_64-debian-clang, r-devel-linux-x86_64-debian-gcc, r-devel-linux-x86_64-fedora-clang, r-devel-linux-x86_64-fedora-gcc, r-devel-windows-x86_64, r-patched-linux-x86_64, r-release-linux-x86_64, r-release-macos-arm64, r-release-macos-x86_64, r-release-windows-x86_64, r-oldrel-macos-arm64, r-oldrel-macos-x86_64, r-oldrel-windows-x86_64