CRAN Package Check Results for Package cmR

Last updated on 2022-08-14 18:49:10 CEST.

Flavor Version Tinstall Tcheck Ttotal Status Flags
r-devel-linux-x86_64-debian-clang 1.0.3 12.71 121.57 134.28 NOTE
r-devel-linux-x86_64-debian-gcc 1.0.3 9.75 89.96 99.71 NOTE
r-devel-linux-x86_64-fedora-clang 1.0.3 184.59 NOTE
r-devel-linux-x86_64-fedora-gcc 1.0.3 182.93 NOTE
r-devel-windows-x86_64 1.0.3 20.00 133.00 153.00 NOTE
r-patched-linux-x86_64 1.0.3 10.26 115.06 125.32 OK
r-release-linux-x86_64 1.0.3 13.16 112.83 125.99 OK
r-release-macos-arm64 1.0.3 46.00 OK
r-release-macos-x86_64 1.0.3 108.00 OK
r-release-windows-x86_64 1.0.3 17.00 136.00 153.00 OK
r-oldrel-macos-arm64 1.0.3 57.00 OK
r-oldrel-macos-x86_64 1.0.3 61.00 OK
r-oldrel-windows-ix86+x86_64 1.0.3 29.00 130.00 159.00 OK

Check Details

Version: 1.0.3
Check: package subdirectories
Result: NOTE
    Problems with news in 'NEWS.md':
    No news entries found.
Flavors: r-devel-linux-x86_64-debian-clang, r-devel-linux-x86_64-debian-gcc, r-devel-linux-x86_64-fedora-clang, r-devel-linux-x86_64-fedora-gcc, r-devel-windows-x86_64