CRAN Package Check Results for Package clustringr

Last updated on 2022-08-15 12:53:55 CEST.

Flavor Version Tinstall Tcheck Ttotal Status Flags
r-devel-linux-x86_64-debian-clang 1.0 7.36 73.33 80.69 OK
r-devel-linux-x86_64-debian-gcc 1.0 6.56 53.80 60.36 OK
r-devel-linux-x86_64-fedora-clang 1.0 107.06 NOTE
r-devel-linux-x86_64-fedora-gcc 1.0 107.03 NOTE
r-devel-windows-x86_64 1.0 21.00 91.00 112.00 OK
r-patched-linux-x86_64 1.0 5.16 66.01 71.17 OK
r-release-linux-x86_64 1.0 5.24 66.99 72.23 OK
r-release-macos-arm64 1.0 32.00 NOTE
r-release-macos-x86_64 1.0 54.00 NOTE
r-release-windows-x86_64 1.0 14.00 94.00 108.00 OK
r-oldrel-macos-arm64 1.0 39.00 NOTE
r-oldrel-macos-x86_64 1.0 52.00 NOTE
r-oldrel-windows-ix86+x86_64 1.0 19.00 92.00 111.00 OK

Check Details

Version: 1.0
Check: dependencies in R code
Result: NOTE
    Namespace in Imports field not imported from: ‘stringi’
     All declared Imports should be used.
Flavors: r-devel-linux-x86_64-fedora-clang, r-devel-linux-x86_64-fedora-gcc, r-release-macos-arm64, r-release-macos-x86_64, r-oldrel-macos-arm64, r-oldrel-macos-x86_64

Version: 1.0
Check: data for non-ASCII characters
Result: NOTE
     Note: found 5626 marked UTF-8 strings
Flavors: r-devel-linux-x86_64-fedora-clang, r-devel-linux-x86_64-fedora-gcc, r-release-macos-arm64, r-release-macos-x86_64, r-oldrel-macos-arm64, r-oldrel-macos-x86_64