CRAN Package Check Results for Package clustringr

Last updated on 2020-09-22 14:04:53 CEST.

Flavor Version Tinstall Tcheck Ttotal Status Flags
r-devel-linux-x86_64-debian-clang 1.0 7.02 53.37 60.39 OK
r-devel-linux-x86_64-debian-gcc 1.0 5.71 42.96 48.67 OK
r-devel-linux-x86_64-fedora-clang 1.0 82.35 NOTE
r-devel-linux-x86_64-fedora-gcc 1.0 74.00 NOTE
r-devel-windows-ix86+x86_64 1.0 17.00 65.00 82.00 OK
r-patched-linux-x86_64 1.0 4.55 52.00 56.55 OK
r-patched-solaris-x86 1.0 119.40 NOTE
r-release-linux-x86_64 1.0 5.30 52.24 57.54 OK
r-release-macos-x86_64 1.0 NOTE
r-release-windows-ix86+x86_64 1.0 16.00 56.00 72.00 OK
r-oldrel-macos-x86_64 1.0 NOTE
r-oldrel-windows-ix86+x86_64 1.0 11.00 72.00 83.00 OK

Check Details

Version: 1.0
Check: dependencies in R code
Result: NOTE
    Namespace in Imports field not imported from: ‘stringi’
     All declared Imports should be used.
Flavors: r-devel-linux-x86_64-fedora-clang, r-devel-linux-x86_64-fedora-gcc, r-patched-solaris-x86, r-release-macos-x86_64, r-oldrel-macos-x86_64

Version: 1.0
Check: data for non-ASCII characters
Result: NOTE
     Note: found 5626 marked UTF-8 strings
Flavors: r-devel-linux-x86_64-fedora-clang, r-devel-linux-x86_64-fedora-gcc, r-patched-solaris-x86, r-release-macos-x86_64, r-oldrel-macos-x86_64