Last updated on 2025-01-13 18:49:16 CET.
Flavor | Version | Tinstall | Tcheck | Ttotal | Status | Flags |
---|---|---|---|---|---|---|
r-devel-linux-x86_64-debian-clang | 1.1.1 | 59.73 | 493.74 | 553.47 | OK | |
r-devel-linux-x86_64-debian-gcc | 1.1.1 | 43.80 | 365.68 | 409.48 | OK | |
r-devel-linux-x86_64-fedora-clang | 1.1.1 | 927.77 | OK | |||
r-devel-linux-x86_64-fedora-gcc | 1.1.1 | 909.16 | OK | |||
r-devel-windows-x86_64 | 1.1.1 | 58.00 | 391.00 | 449.00 | OK | |
r-patched-linux-x86_64 | 1.1.1 | 60.15 | 458.37 | 518.52 | OK | |
r-release-linux-x86_64 | 1.1.1 | 57.40 | 457.53 | 514.93 | OK | |
r-release-macos-arm64 | 1.1.1 | 241.00 | OK | |||
r-release-macos-x86_64 | 1.1.1 | 392.00 | OK | |||
r-release-windows-x86_64 | 1.1.1 | 63.00 | 395.00 | 458.00 | OK | |
r-oldrel-macos-arm64 | 1.1.1 | 10.00 | ERROR | |||
r-oldrel-macos-x86_64 | 1.1.1 | 12.00 | ERROR | |||
r-oldrel-windows-x86_64 | 1.1.1 | 77.00 | 550.00 | 627.00 | OK |
Version: 1.1.1
Check: package dependencies
Result: ERROR
Package required but not available: ‘GSVA’
See section ‘The DESCRIPTION file’ in the ‘Writing R Extensions’
manual.
Flavors: r-oldrel-macos-arm64, r-oldrel-macos-x86_64