CRAN Package Check Results for Package clusterPower

Last updated on 2022-07-02 12:53:00 CEST.

Flavor Version Tinstall Tcheck Ttotal Status Flags
r-devel-linux-x86_64-debian-clang 0.7.0 19.07 93.76 112.83 NOTE
r-devel-linux-x86_64-debian-gcc 0.7.0 10.39 69.78 80.17 NOTE
r-devel-linux-x86_64-fedora-clang 0.7.0 153.42 NOTE
r-devel-linux-x86_64-fedora-gcc 0.7.0 154.01 NOTE
r-devel-windows-x86_64 0.7.0 114.00 140.00 254.00 OK
r-patched-linux-x86_64 0.7.0 15.47 89.79 105.26 NOTE
r-release-linux-x86_64 0.7.0 18.61 89.18 107.79 NOTE
r-release-macos-arm64 0.7.0 38.00 OK
r-release-macos-x86_64 0.7.0 65.00 OK
r-release-windows-x86_64 0.7.0 25.00 129.00 154.00 OK
r-oldrel-macos-arm64 0.7.0 45.00 OK
r-oldrel-macos-x86_64 0.7.0 98.00 OK
r-oldrel-windows-ix86+x86_64 0.7.0 35.00 136.00 171.00 OK

Check Details

Version: 0.7.0
Check: package dependencies
Result: NOTE
    Package suggested but not available for checking: 'CRTSize'
Flavors: r-devel-linux-x86_64-debian-clang, r-devel-linux-x86_64-debian-gcc, r-devel-linux-x86_64-fedora-clang, r-devel-linux-x86_64-fedora-gcc, r-patched-linux-x86_64, r-release-linux-x86_64