Last updated on 2022-08-11 06:51:40 CEST.
Flavor | Version | Tinstall | Tcheck | Ttotal | Status | Flags |
---|---|---|---|---|---|---|
r-devel-linux-x86_64-debian-clang | 2.1.3 | 11.48 | 147.02 | 158.50 | OK | |
r-devel-linux-x86_64-debian-gcc | 2.1.3 | 7.46 | 96.15 | 103.61 | OK | |
r-devel-linux-x86_64-fedora-clang | 2.1.3 | 196.02 | NOTE | |||
r-devel-linux-x86_64-fedora-gcc | 2.1.3 | 188.30 | OK | |||
r-devel-windows-x86_64 | 2.1.3 | 75.00 | 173.00 | 248.00 | OK | |
r-patched-linux-x86_64 | 2.1.3 | 9.85 | 134.31 | 144.16 | OK | |
r-release-linux-x86_64 | 2.1.3 | OK | ||||
r-release-macos-arm64 | 2.1.3 | 52.00 | OK | |||
r-release-macos-x86_64 | 2.1.3 | 84.00 | OK | |||
r-release-windows-x86_64 | 2.1.3 | 65.00 | 167.00 | 232.00 | OK | |
r-oldrel-macos-arm64 | 2.1.3 | 59.00 | OK | |||
r-oldrel-macos-x86_64 | 2.1.3 | 98.00 | OK | |||
r-oldrel-windows-ix86+x86_64 | 2.1.3 | 29.00 | 270.00 | 299.00 | OK |
Version: 2.1.3
Check: Rd cross-references
Result: NOTE
Undeclared packages ‘mvoutlier’, ‘fpc’, ‘ellipse’, ‘sfsmisc’ in Rd xrefs
Flavor: r-devel-linux-x86_64-fedora-clang