CRAN Package Check Results for Package cloudml

Last updated on 2022-10-04 00:51:32 CEST.

Flavor Version Tinstall Tcheck Ttotal Status Flags
r-devel-linux-x86_64-debian-clang 0.6.1 4.73 43.74 48.47 NOTE
r-devel-linux-x86_64-debian-gcc 0.6.1 3.23 33.22 36.45 NOTE
r-devel-linux-x86_64-fedora-clang 0.6.1 71.05 NOTE
r-devel-linux-x86_64-fedora-gcc 0.6.1 65.12 NOTE
r-devel-windows-x86_64 0.6.1 28.00 100.00 128.00 NOTE
r-patched-linux-x86_64 0.6.1 5.96 41.85 47.81 NOTE
r-release-linux-x86_64 0.6.1 4.74 41.23 45.97 NOTE
r-release-macos-arm64 0.6.1 26.00 NOTE
r-release-macos-x86_64 0.6.1 35.00 NOTE
r-release-windows-x86_64 0.6.1 35.00 85.00 120.00 NOTE
r-oldrel-macos-arm64 0.6.1 25.00 NOTE
r-oldrel-macos-x86_64 0.6.1 42.00 NOTE
r-oldrel-windows-ix86+x86_64 0.6.1 9.00 68.00 77.00 NOTE

Check Details

Version: 0.6.1
Check: LazyData
Result: NOTE
     'LazyData' is specified without a 'data' directory
Flavors: r-devel-linux-x86_64-debian-clang, r-devel-linux-x86_64-debian-gcc, r-devel-linux-x86_64-fedora-clang, r-devel-linux-x86_64-fedora-gcc, r-devel-windows-x86_64, r-patched-linux-x86_64, r-release-linux-x86_64, r-release-macos-arm64, r-release-macos-x86_64, r-release-windows-x86_64, r-oldrel-macos-arm64, r-oldrel-macos-x86_64, r-oldrel-windows-ix86+x86_64