CRAN Package Check Results for Package clogitL1

Last updated on 2020-05-24 22:48:00 CEST.

Flavor Version Tinstall Tcheck Ttotal Status Flags
r-devel-linux-x86_64-debian-clang 1.5 29.44 26.08 55.52 OK
r-devel-linux-x86_64-debian-gcc 1.5 20.19 20.65 40.84 OK
r-devel-linux-x86_64-fedora-clang 1.5 75.28 NOTE
r-devel-linux-x86_64-fedora-gcc 1.5 67.80 NOTE
r-devel-windows-ix86+x86_64 1.5 77.00 82.00 159.00 OK
r-patched-linux-x86_64 1.5 23.06 26.01 49.07 OK
r-patched-solaris-x86 1.5 79.40 OK
r-release-linux-x86_64 1.5 21.36 25.95 47.31 OK
r-release-osx-x86_64 1.5 OK
r-release-windows-ix86+x86_64 1.5 58.00 81.00 139.00 OK
r-oldrel-osx-x86_64 1.5 OK
r-oldrel-windows-ix86+x86_64 1.5 63.00 79.00 142.00 OK

Check Details

Version: 1.5
Check: compiled code
Result: NOTE
    File ‘clogitL1/libs/clogitL1.so’:
     Found no calls to: ‘R_registerRoutines’, ‘R_useDynamicSymbols’
    
    It is good practice to register native routines and to disable symbol
    search.
    
    See ‘Writing portable packages’ in the ‘Writing R Extensions’ manual.
Flavors: r-devel-linux-x86_64-fedora-clang, r-devel-linux-x86_64-fedora-gcc