CRAN Package Check Results for Package clinfun

Last updated on 2022-09-26 21:52:53 CEST.

Flavor Version Tinstall Tcheck Ttotal Status Flags
r-devel-linux-x86_64-debian-clang 1.1.0 10.34 56.40 66.74 NOTE
r-devel-linux-x86_64-debian-gcc 1.1.0 6.99 42.34 49.33 NOTE
r-devel-linux-x86_64-fedora-clang 1.1.0 95.61 NOTE
r-devel-linux-x86_64-fedora-gcc 1.1.0 89.28 NOTE
r-devel-windows-x86_64 1.1.0 40.00 88.00 128.00 NOTE
r-patched-linux-x86_64 1.1.0 8.61 53.69 62.30 OK
r-release-linux-x86_64 1.1.0 7.98 53.53 61.51 OK
r-release-macos-arm64 1.1.0 28.00 OK
r-release-macos-x86_64 1.1.0 39.00 OK
r-release-windows-x86_64 1.1.0 46.00 98.00 144.00 OK
r-oldrel-macos-arm64 1.1.0 29.00 OK
r-oldrel-macos-x86_64 1.1.0 37.00 OK
r-oldrel-windows-ix86+x86_64 1.1.0 28.00 102.00 130.00 OK

Check Details

Version: 1.1.0
Check: package subdirectories
Result: NOTE
    Problems with news in 'NEWS.md':
     Cannot extract version info from the following section titles:
     clinfun (development version)
Flavors: r-devel-linux-x86_64-debian-clang, r-devel-linux-x86_64-debian-gcc, r-devel-linux-x86_64-fedora-clang, r-devel-linux-x86_64-fedora-gcc, r-devel-windows-x86_64

Version: 1.1.0
Check: Rd files
Result: NOTE
    checkRd: (-1) coxphCPE.Rd:2: Escaped LaTeX specials: \&
Flavors: r-devel-linux-x86_64-debian-clang, r-devel-linux-x86_64-debian-gcc, r-devel-linux-x86_64-fedora-clang, r-devel-linux-x86_64-fedora-gcc, r-devel-windows-x86_64