CRAN Package Check Results for Package clhs

Last updated on 2020-10-24 07:49:41 CEST.

Flavor Version Tinstall Tcheck Ttotal Status Flags
r-devel-linux-x86_64-debian-clang 0.7-3 11.18 206.96 218.14 OK
r-devel-linux-x86_64-debian-gcc 0.7-3 8.86 160.83 169.69 OK
r-devel-linux-x86_64-fedora-clang 0.7-3 260.52 NOTE
r-devel-linux-x86_64-fedora-gcc 0.7-3 259.05 NOTE
r-devel-windows-ix86+x86_64 0.7-3 25.00 244.00 269.00 OK
r-patched-linux-x86_64 0.7-3 9.19 201.82 211.01 OK
r-patched-solaris-x86 0.7-3 350.70 NOTE
r-release-linux-x86_64 0.7-3 9.24 198.94 208.18 OK
r-release-macos-x86_64 0.7-3 NOTE
r-release-windows-ix86+x86_64 0.7-3 19.00 191.00 210.00 OK
r-oldrel-macos-x86_64 0.7-3 NOTE
r-oldrel-windows-ix86+x86_64 0.7-3 21.00 234.00 255.00 OK

Check Details

Version: 0.7-3
Check: dependencies in R code
Result: NOTE
    Namespaces in Imports field not imported from:
     ‘scales’ ‘sp’
     All declared Imports should be used.
Flavors: r-devel-linux-x86_64-fedora-clang, r-devel-linux-x86_64-fedora-gcc, r-patched-solaris-x86, r-release-macos-x86_64, r-oldrel-macos-x86_64