CRAN Package Check Results for Package civis

Last updated on 2022-09-29 12:55:23 CEST.

Flavor Version Tinstall Tcheck Ttotal Status Flags
r-devel-linux-x86_64-debian-clang 3.0.0 26.98 229.14 256.12 NOTE
r-devel-linux-x86_64-debian-gcc 3.0.0 20.77 171.29 192.06 NOTE
r-devel-linux-x86_64-fedora-clang 3.0.0 346.11 NOTE
r-devel-linux-x86_64-fedora-gcc 3.0.0 418.99 NOTE
r-devel-windows-x86_64 3.0.0 281.00 414.00 695.00 NOTE
r-patched-linux-x86_64 3.0.0 41.64 196.36 238.00 NOTE
r-release-linux-x86_64 3.0.0 27.19 192.93 220.12 NOTE
r-release-macos-arm64 3.0.0 101.00 NOTE
r-release-macos-x86_64 3.0.0 155.00 NOTE
r-release-windows-x86_64 3.0.0 430.00 271.00 701.00 NOTE
r-oldrel-macos-arm64 3.0.0 194.00 NOTE
r-oldrel-macos-x86_64 3.0.0 197.00 NOTE
r-oldrel-windows-ix86+x86_64 3.0.0 46.00 228.00 274.00 NOTE

Check Details

Version: 3.0.0
Check: LazyData
Result: NOTE
     'LazyData' is specified without a 'data' directory
Flavors: r-devel-linux-x86_64-debian-clang, r-devel-linux-x86_64-debian-gcc, r-devel-linux-x86_64-fedora-clang, r-devel-linux-x86_64-fedora-gcc, r-devel-windows-x86_64, r-patched-linux-x86_64, r-release-linux-x86_64, r-release-macos-arm64, r-release-macos-x86_64, r-release-windows-x86_64, r-oldrel-macos-arm64, r-oldrel-macos-x86_64, r-oldrel-windows-ix86+x86_64