Last updated on 2022-08-13 00:50:55 CEST.
Flavor | Version | Tinstall | Tcheck | Ttotal | Status | Flags |
---|---|---|---|---|---|---|
r-devel-linux-x86_64-debian-clang | 0.5.0 | 5.91 | 81.69 | 87.60 | OK | |
r-devel-linux-x86_64-debian-gcc | 0.5.0 | 5.48 | 48.17 | 53.65 | ERROR | |
r-devel-linux-x86_64-fedora-clang | 0.5.0 | 110.02 | OK | |||
r-devel-linux-x86_64-fedora-gcc | 0.5.0 | 107.06 | OK | |||
r-devel-windows-x86_64 | 0.5.0 | 15.00 | 100.00 | 115.00 | OK | |
r-patched-linux-x86_64 | 0.5.0 | 7.63 | 74.82 | 82.45 | OK | |
r-release-linux-x86_64 | 0.5.0 | 5.58 | 76.01 | 81.59 | OK | |
r-release-macos-arm64 | 0.5.0 | 31.00 | OK | |||
r-release-macos-x86_64 | 0.5.0 | 58.00 | OK | |||
r-release-windows-x86_64 | 0.5.0 | 19.00 | 99.00 | 118.00 | OK | |
r-oldrel-macos-arm64 | 0.5.0 | 37.00 | OK | |||
r-oldrel-macos-x86_64 | 0.5.0 | 43.00 | OK | |||
r-oldrel-windows-ix86+x86_64 | 0.5.0 | 16.00 | 97.00 | 113.00 | OK |
Version: 0.5.0
Check: package dependencies
Result: NOTE
Package suggested but not available for checking: ‘gbm’
Flavor: r-devel-linux-x86_64-debian-gcc
Version: 0.5.0
Check: examples
Result: ERROR
Running examples in ‘ciu-Ex.R’ failed
The error most likely occurred in:
> base::assign(".ptime", proc.time(), pos = "CheckExEnv")
> ### Name: ciu.blackbox.new
> ### Title: Create CIU.BlackBox object
> ### Aliases: ciu.blackbox.new
>
> ### ** Examples
>
> # Create CIU.BlackBox wrapper for Gradient Boosting
> library(MASS) # Just in case Boston is not already available
> library(gbm)
Error in library(gbm) : there is no package called ‘gbm’
Execution halted
Flavor: r-devel-linux-x86_64-debian-gcc