CRAN Package Check Results for Package circlize

Last updated on 2020-07-14 13:51:00 CEST.

Flavor Version Tinstall Tcheck Ttotal Status Flags
r-devel-linux-x86_64-debian-clang 0.4.10 13.28 110.24 123.52 OK
r-devel-linux-x86_64-debian-gcc 0.4.10 10.76 81.53 92.29 OK
r-devel-linux-x86_64-fedora-clang 0.4.10 154.59 OK
r-devel-linux-x86_64-fedora-gcc 0.4.10 145.07 OK
r-devel-windows-ix86+x86_64 0.4.10 27.00 165.00 192.00 OK
r-patched-linux-x86_64 0.4.10 13.82 106.97 120.79 OK
r-patched-solaris-x86 0.4.10 174.40 OK
r-release-linux-x86_64 0.4.10 13.47 108.16 121.63 OK
r-release-macos-x86_64 0.4.10 ERROR
r-release-windows-ix86+x86_64 0.4.10 27.00 165.00 192.00 OK
r-oldrel-macos-x86_64 0.4.10 OK
r-oldrel-windows-ix86+x86_64 0.4.10 26.00 155.00 181.00 OK

Check Details

Version: 0.4.10
Check: whether package can be installed
Result: ERROR
    Installation failed.
Flavor: r-release-macos-x86_64