Last updated on 2022-08-14 06:51:42 CEST.
Flavor | Version | Tinstall | Tcheck | Ttotal | Status | Flags |
---|---|---|---|---|---|---|
r-devel-linux-x86_64-debian-clang | 0.4-1 | 5.77 | 57.05 | 62.82 | NOTE | |
r-devel-linux-x86_64-debian-gcc | 0.4-1 | 5.03 | 42.10 | 47.13 | NOTE | |
r-devel-linux-x86_64-fedora-clang | 0.4-1 | 84.78 | NOTE | |||
r-devel-linux-x86_64-fedora-gcc | 0.4-1 | 81.62 | NOTE | |||
r-devel-windows-x86_64 | 0.4-1 | 13.00 | 84.00 | 97.00 | NOTE | |
r-patched-linux-x86_64 | 0.4-1 | 5.74 | 52.53 | 58.27 | NOTE | |
r-release-linux-x86_64 | 0.4-1 | 4.82 | 53.92 | 58.74 | NOTE | |
r-release-macos-arm64 | 0.4-1 | 28.00 | NOTE | |||
r-release-macos-x86_64 | 0.4-1 | 45.00 | NOTE | |||
r-release-windows-x86_64 | 0.4-1 | 17.00 | 81.00 | 98.00 | NOTE | |
r-oldrel-macos-arm64 | 0.4-1 | 33.00 | NOTE | |||
r-oldrel-macos-x86_64 | 0.4-1 | 40.00 | NOTE | |||
r-oldrel-windows-ix86+x86_64 | 0.4-1 | 14.00 | 78.00 | 92.00 | NOTE |
Version: 0.4-1
Check: LazyData
Result: NOTE
'LazyData' is specified without a 'data' directory
Flavors: r-devel-linux-x86_64-debian-clang, r-devel-linux-x86_64-debian-gcc, r-devel-linux-x86_64-fedora-clang, r-devel-linux-x86_64-fedora-gcc, r-devel-windows-x86_64, r-patched-linux-x86_64, r-release-linux-x86_64, r-release-macos-arm64, r-release-macos-x86_64, r-release-windows-x86_64, r-oldrel-macos-arm64, r-oldrel-macos-x86_64, r-oldrel-windows-ix86+x86_64