CRAN Package Check Results for Package chromseq

Last updated on 2021-02-26 01:48:21 CET.

Flavor Version Tinstall Tcheck Ttotal Status Flags
r-devel-linux-x86_64-debian-clang 0.1.3 1.99 22.05 24.04 OK
r-devel-linux-x86_64-debian-gcc 0.1.3 1.62 17.65 19.27 OK
r-devel-linux-x86_64-fedora-clang 0.1.3 40.82 NOTE
r-devel-linux-x86_64-fedora-gcc 0.1.3 29.43 NOTE
r-devel-windows-ix86+x86_64 0.1.3 5.00 30.00 35.00 OK
r-patched-linux-x86_64 0.1.3 1.88 21.75 23.63 OK
r-patched-solaris-x86 0.1.3 46.10 NOTE
r-release-linux-x86_64 0.1.3 2.16 21.78 23.94 OK
r-release-macos-x86_64 0.1.3 NOTE
r-release-windows-ix86+x86_64 0.1.3 7.00 27.00 34.00 OK
r-oldrel-macos-x86_64 0.1.3 NOTE
r-oldrel-windows-ix86+x86_64 0.1.3 6.00 48.00 54.00 OK

Check Details

Version: 0.1.3
Check: dependencies in R code
Result: NOTE
    Namespace in Imports field not imported from: ‘base’
     All declared Imports should be used.
Flavors: r-devel-linux-x86_64-fedora-clang, r-devel-linux-x86_64-fedora-gcc, r-patched-solaris-x86, r-release-macos-x86_64, r-oldrel-macos-x86_64