CRAN Package Check Results for Package chromoMap

Last updated on 2024-06-15 06:49:42 CEST.

Flavor Version Tinstall Tcheck Ttotal Status Flags
r-devel-linux-x86_64-debian-clang 4.1.1 6.49 51.88 58.37 OK
r-devel-linux-x86_64-debian-gcc 4.1.1 4.56 38.58 43.14 OK
r-devel-linux-x86_64-fedora-clang 4.1.1 72.15 NOTE
r-devel-linux-x86_64-fedora-gcc 4.1.1 81.60 NOTE
r-devel-windows-x86_64 4.1.1 6.00 61.00 67.00 OK
r-patched-linux-x86_64 4.1.1 5.01 50.07 55.08 OK
r-release-linux-x86_64 4.1.1 4.65 50.27 54.92 OK
r-release-macos-arm64 4.1.1 30.00 OK
r-release-macos-x86_64 4.1.1 48.00 OK
r-release-windows-x86_64 4.1.1 6.00 62.00 68.00 OK
r-oldrel-macos-arm64 4.1.1 32.00 OK
r-oldrel-macos-x86_64 4.1.1 44.00 OK
r-oldrel-windows-x86_64 4.1.1 7.00 69.00 76.00 OK

Check Details

Version: 4.1.1
Check: dependencies in R code
Result: NOTE Namespace in Imports field not imported from: ‘htmltools’ All declared Imports should be used. Flavors: r-devel-linux-x86_64-fedora-clang, r-devel-linux-x86_64-fedora-gcc