CRAN Package Check Results for Package chromoMap

Last updated on 2022-09-28 00:52:38 CEST.

Flavor Version Tinstall Tcheck Ttotal Status Flags
r-devel-linux-x86_64-debian-clang 4.1.1 4.59 46.93 51.52 OK
r-devel-linux-x86_64-debian-gcc 4.1.1 4.10 35.97 40.07 OK
r-devel-linux-x86_64-fedora-clang 4.1.1 77.99 NOTE
r-devel-linux-x86_64-fedora-gcc 4.1.1 71.70 NOTE
r-devel-windows-x86_64 4.1.1 31.00 94.00 125.00 OK
r-patched-linux-x86_64 4.1.1 5.50 45.23 50.73 OK
r-release-linux-x86_64 4.1.1 5.21 45.67 50.88 OK
r-release-macos-arm64 4.1.1 23.00 NOTE
r-release-macos-x86_64 4.1.1 33.00 NOTE
r-release-windows-x86_64 4.1.1 30.00 86.00 116.00 OK
r-oldrel-macos-arm64 4.1.1 22.00 NOTE
r-oldrel-macos-x86_64 4.1.1 104.00 NOTE
r-oldrel-windows-ix86+x86_64 4.1.1 10.00 79.00 89.00 OK

Check Details

Version: 4.1.1
Check: dependencies in R code
Result: NOTE
    Namespace in Imports field not imported from: ‘htmltools’
     All declared Imports should be used.
Flavors: r-devel-linux-x86_64-fedora-clang, r-devel-linux-x86_64-fedora-gcc, r-release-macos-arm64, r-release-macos-x86_64, r-oldrel-macos-arm64, r-oldrel-macos-x86_64