CRAN Package Check Results for Package chromConverter

Last updated on 2022-11-30 20:55:10 CET.

Flavor Version Tinstall Tcheck Ttotal Status Flags
r-devel-linux-x86_64-debian-clang 0.2.1 12.59 106.12 118.71 NOTE
r-devel-linux-x86_64-debian-gcc 0.2.1 9.73 78.77 88.50 NOTE
r-devel-linux-x86_64-fedora-clang 0.2.1 164.72 NOTE
r-devel-linux-x86_64-fedora-gcc 0.2.1 163.32 NOTE
r-devel-windows-x86_64 0.2.1 30.00 127.00 157.00 NOTE
r-patched-linux-x86_64 0.2.1 9.47 98.28 107.75 NOTE
r-release-linux-x86_64 0.2.1 12.63 98.79 111.42 NOTE
r-release-macos-arm64 0.2.1 41.00 NOTE
r-release-macos-x86_64 0.2.1 60.00 NOTE
r-release-windows-x86_64 0.2.1 23.00 127.00 150.00 NOTE
r-oldrel-macos-arm64 0.2.1 44.00 NOTE
r-oldrel-macos-x86_64 0.2.1 61.00 NOTE
r-oldrel-windows-ix86+x86_64 0.2.1 26.00 122.00 148.00 NOTE

Check Details

Version: 0.2.1
Check: package dependencies
Result: NOTE
    Package suggested but not available for checking: 'entab'
Flavors: r-devel-linux-x86_64-debian-clang, r-devel-linux-x86_64-debian-gcc, r-devel-linux-x86_64-fedora-clang, r-devel-linux-x86_64-fedora-gcc, r-devel-windows-x86_64, r-patched-linux-x86_64, r-release-linux-x86_64, r-release-macos-arm64, r-release-macos-x86_64, r-release-windows-x86_64, r-oldrel-macos-arm64, r-oldrel-macos-x86_64, r-oldrel-windows-ix86+x86_64

Version: 0.2.1
Check: dependencies in R code
Result: NOTE
    Namespace in Imports field not imported from: ‘readr’
     All declared Imports should be used.
Flavors: r-devel-linux-x86_64-fedora-clang, r-devel-linux-x86_64-fedora-gcc, r-release-macos-arm64, r-release-macos-x86_64, r-oldrel-macos-arm64, r-oldrel-macos-x86_64