CRAN Package Check Results for Package cholera

Last updated on 2024-06-15 18:57:44 CEST.

Flavor Version Tinstall Tcheck Ttotal Status Flags
r-devel-linux-x86_64-debian-clang 0.8.0 45.16 554.14 599.30 OK
r-devel-linux-x86_64-debian-gcc 0.8.0 38.32 387.41 425.73 OK
r-devel-linux-x86_64-fedora-clang 0.8.0 725.99 NOTE
r-devel-linux-x86_64-fedora-gcc 0.8.0 692.81 OK
r-devel-windows-x86_64 0.8.0 38.00 336.00 374.00 NOTE
r-patched-linux-x86_64 0.8.0 42.45 516.15 558.60 OK
r-release-linux-x86_64 0.8.0 41.48 516.26 557.74 OK
r-release-macos-arm64 0.8.0 152.00 NOTE
r-release-macos-x86_64 0.8.0 295.00 NOTE
r-release-windows-x86_64 0.8.0 38.00 331.00 369.00 NOTE
r-oldrel-macos-arm64 0.8.0 172.00 NOTE
r-oldrel-macos-x86_64 0.8.0 310.00 NOTE
r-oldrel-windows-x86_64 0.8.0 56.00 448.00 504.00 NOTE

Check Details

Version: 0.8.0
Check: installed package size
Result: NOTE installed size is 5.5Mb sub-directories of 1Mb or more: doc 1.5Mb help 2.2Mb Flavors: r-devel-linux-x86_64-fedora-clang, r-devel-windows-x86_64, r-release-macos-arm64, r-release-macos-x86_64, r-release-windows-x86_64, r-oldrel-macos-arm64, r-oldrel-macos-x86_64, r-oldrel-windows-x86_64